CRAN Package Check Results for Package mSimCC

Last updated on 2022-09-28 07:51:50 CEST.

Flavor Version Tinstall Tcheck Ttotal Status Flags
r-devel-linux-x86_64-debian-clang 0.0.1 5.32 38.53 43.85 WARN
r-devel-linux-x86_64-debian-gcc 0.0.1 4.98 29.36 34.34 OK
r-devel-linux-x86_64-fedora-clang 0.0.1 67.10 WARN
r-devel-linux-x86_64-fedora-gcc 0.0.1 64.54 OK
r-devel-windows-x86_64 0.0.1 10.00 76.00 86.00 OK
r-patched-linux-x86_64 0.0.1 6.02 37.33 43.35 OK
r-release-linux-x86_64 0.0.1 5.39 37.25 42.64 OK
r-release-macos-arm64 0.0.1 25.00 OK
r-release-macos-x86_64 0.0.1 34.00 OK
r-release-windows-x86_64 0.0.1 14.00 83.00 97.00 OK
r-oldrel-macos-arm64 0.0.1 32.00 OK
r-oldrel-macos-x86_64 0.0.1 39.00 OK
r-oldrel-windows-ix86+x86_64 0.0.1 14.00 91.00 105.00 OK

Additional issues

clang14

Check Details

Version: 0.0.1
Check: whether package can be installed
Result: WARN
    Found the following significant warnings:
     Cmicrosim.c:789:18: warning: use of bitwise '|' with boolean operands [-Wbitwise-instead-of-logical]
     Cmicrosim.c:798:18: warning: use of bitwise '|' with boolean operands [-Wbitwise-instead-of-logical]
     Cmicrosim.c:965:16: warning: use of bitwise '|' with boolean operands [-Wbitwise-instead-of-logical]
     Cmicrosim.c:1018:16: warning: use of bitwise '|' with boolean operands [-Wbitwise-instead-of-logical]
     Cmicrosim.c:1068:16: warning: use of bitwise '|' with boolean operands [-Wbitwise-instead-of-logical]
Flavors: r-devel-linux-x86_64-debian-clang, r-devel-linux-x86_64-fedora-clang