CRAN Package Check Results for Package maGUI

Last updated on 2019-11-13 13:47:05 CET.

Flavor Version Tinstall Tcheck Ttotal Status Flags
r-devel-linux-x86_64-fedora-clang 2.3 1233.34 OK
r-devel-linux-x86_64-fedora-gcc 2.3 1053.08 OK
r-devel-windows-ix86+x86_64 2.3 242.00 8.00 250.00 ERROR
r-release-windows-ix86+x86_64 2.3 293.00 641.00 934.00 OK
r-release-osx-x86_64 2.3 ERROR
r-oldrel-windows-ix86+x86_64 2.3 135.00 900.00 1035.00 OK
r-oldrel-osx-x86_64 2.3 ERROR

Check Details

Version: 2.3
Check: whether package can be installed
Result: ERROR
    Installation failed.
Flavor: r-devel-windows-ix86+x86_64

Version: 2.3
Check: package dependencies
Result: ERROR
    Packages required but not available: 'GO.db', 'lumi', 'WGCNA'
    
    See section ‘The DESCRIPTION file’ in the ‘Writing R Extensions’
    manual.
Flavor: r-release-osx-x86_64

Version: 2.3
Check: package dependencies
Result: ERROR
    Package required but not available: ‘lumi’
    
    See section ‘The DESCRIPTION file’ in the ‘Writing R Extensions’
    manual.
Flavor: r-oldrel-osx-x86_64