CRAN Package Check Results for Package maGUI

Last updated on 2019-09-22 08:48:18 CEST.

Flavor Version Tinstall Tcheck Ttotal Status Flags
r-devel-linux-x86_64-fedora-clang 2.3 1060.89 OK
r-devel-linux-x86_64-fedora-gcc 2.3 1788.41 OK
r-devel-windows-ix86+x86_64 2.3 278.00 6.00 284.00 ERROR
r-release-windows-ix86+x86_64 2.3 163.00 542.00 705.00 OK
r-release-osx-x86_64 2.3 ERROR
r-oldrel-windows-ix86+x86_64 2.3 117.00 576.00 693.00 OK
r-oldrel-osx-x86_64 2.3 ERROR

Check Details

Version: 2.3
Check: whether package can be installed
Result: ERROR
    Installation failed.
Flavor: r-devel-windows-ix86+x86_64

Version: 2.3
Check: package dependencies
Result: ERROR
    Packages required but not available:
     'Biobase', 'Biostrings', 'pdInfoBuilder', 'convert', 'marray',
     'GEOquery', 'GEOmetadb', 'annotate', 'GO.db', 'RBGL', 'limma',
     'affy', 'genefilter', 'simpleaffy', 'impute', 'oligo', 'beadarray',
     'lumi', 'GOstats', 'globaltest', 'WGCNA', 'Rgraphviz', 'ssize',
     'KEGGREST', 'KEGGgraph', 'graph', 'Category'
    
    See section ‘The DESCRIPTION file’ in the ‘Writing R Extensions’
    manual.
Flavor: r-release-osx-x86_64

Version: 2.3
Check: package dependencies
Result: ERROR
    Package required but not available: ‘lumi’
    
    See section ‘The DESCRIPTION file’ in the ‘Writing R Extensions’
    manual.
Flavor: r-oldrel-osx-x86_64