CRAN Package Check Results for Package maat

Last updated on 2024-07-24 18:53:55 CEST.

Flavor Version Tinstall Tcheck Ttotal Status Flags
r-devel-linux-x86_64-debian-clang 1.1.0 10.97 168.15 179.12 NOTE
r-devel-linux-x86_64-debian-gcc 1.1.0 8.92 142.86 151.78 NOTE
r-devel-linux-x86_64-fedora-clang 1.1.0 250.35 NOTE
r-devel-linux-x86_64-fedora-gcc 1.1.0 256.36 NOTE
r-devel-windows-x86_64 1.1.0 13.00 168.00 181.00 NOTE
r-patched-linux-x86_64 1.1.0 16.85 140.50 157.35 NOTE
r-release-linux-x86_64 1.1.0 6.77 181.71 188.48 NOTE
r-release-macos-arm64 1.1.0 71.00 NOTE
r-release-macos-x86_64 1.1.0 113.00 NOTE
r-release-windows-x86_64 1.1.0 12.00 164.00 176.00 NOTE
r-oldrel-macos-arm64 1.1.0 73.00 OK
r-oldrel-macos-x86_64 1.1.0 98.00 OK
r-oldrel-windows-x86_64 1.1.0 15.00 193.00 208.00 OK

Check Details

Version: 1.1.0
Check: Rd files
Result: NOTE checkRd: (-1) examinee-class.Rd:61: Lost braces; missing escapes or markup? 61 | \item{\code{routing_based_on}}{a vector containing the routing was based on \code{estimated_theta_by_phase} or {estimated_theta_by_test} at each module position.} | ^ Flavors: r-devel-linux-x86_64-debian-clang, r-devel-linux-x86_64-debian-gcc, r-devel-linux-x86_64-fedora-clang, r-devel-linux-x86_64-fedora-gcc, r-devel-windows-x86_64, r-patched-linux-x86_64, r-release-linux-x86_64, r-release-macos-arm64, r-release-macos-x86_64, r-release-windows-x86_64

Version: 1.1.0
Check: Rd cross-references
Result: NOTE Found the following Rd file(s) with Rd \link{} targets missing package anchors: createModule.Rd: loadConstraints, loadItemPool, loadItemAttrib, loadStAttrib examinee-class.Rd: item_pool-class excludeAdministeredItems.Rd: constraints-class maat.Rd: config_Shadow-class module-class.Rd: constraints-class output_maat-class.Rd: config_Shadow-class simTheta.Rd: mvrnorm updateAssessmentLevelTheta.Rd: config_Shadow-class updateGrade.Rd: item_pool-class updateItemData.Rd: output_Shadow_all-class, item_pool-class updateThetaUsingCombined.Rd: config_Shadow-class Please provide package anchors for all Rd \link{} targets not in the package itself and the base packages. Flavors: r-devel-linux-x86_64-debian-gcc, r-devel-windows-x86_64