CRAN Package Check Results for Package maat

Last updated on 2021-10-27 16:49:09 CEST.

Flavor Version Tinstall Tcheck Ttotal Status Flags
r-devel-linux-x86_64-debian-clang 1.0.2 9.80 153.33 163.13 OK
r-devel-linux-x86_64-debian-gcc 1.0.2 9.43 119.62 129.05 OK
r-devel-linux-x86_64-fedora-clang 1.0.2 207.46 NOTE
r-devel-linux-x86_64-fedora-gcc 1.0.2 200.89 NOTE
r-devel-windows-x86_64 1.0.2 21.00 203.00 224.00 OK
r-devel-windows-x86_64-gcc10-UCRT 1.0.2 NOTE
r-patched-linux-x86_64 1.0.2 16.00 153.44 169.44 OK
r-patched-solaris-x86 1.0.2 126.80 NOTE
r-release-linux-x86_64 1.0.2 11.83 152.21 164.04 OK
r-release-macos-arm64 1.0.2 NOTE
r-release-macos-x86_64 1.0.2 NOTE
r-release-windows-ix86+x86_64 1.0.2 18.00 316.00 334.00 OK
r-oldrel-macos-x86_64 1.0.2 NOTE
r-oldrel-windows-ix86+x86_64 1.0.2 25.00 205.00 230.00 OK

Check Details

Version: 1.0.2
Check: dependencies in R code
Result: NOTE
    Namespace in Imports field not imported from: ‘Rdpack’
     All declared Imports should be used.
Flavors: r-devel-linux-x86_64-fedora-clang, r-devel-linux-x86_64-fedora-gcc, r-devel-windows-x86_64-gcc10-UCRT, r-patched-solaris-x86, r-release-macos-arm64, r-release-macos-x86_64, r-oldrel-macos-x86_64