CRAN Package Check Results for Package mable

Last updated on 2020-03-31 18:47:42 CEST.

Flavor Version Tinstall Tcheck Ttotal Status Flags
r-devel-linux-x86_64-debian-clang 2.1.1 18.09 228.22 246.31 OK
r-devel-linux-x86_64-debian-gcc 2.1.1 13.62 164.28 177.90 OK
r-devel-linux-x86_64-fedora-clang 2.1.1 286.07 OK
r-devel-linux-x86_64-fedora-gcc 2.1.1 311.79 OK
r-devel-windows-ix86+x86_64 2.0.1 32.00 467.00 499.00 OK
r-devel-windows-ix86+x86_64-gcc8 2.1.1 30.00 385.00 415.00 OK
r-patched-linux-x86_64 2.1.1 14.34 230.95 245.29 OK
r-patched-solaris-x86 2.1.1 495.40 OK
r-release-linux-x86_64 2.1.1 13.97 221.77 235.74 OK
r-release-windows-ix86+x86_64 2.1.1 48.00 485.00 533.00 OK
r-release-osx-x86_64 2.1.1 OK
r-oldrel-windows-ix86+x86_64 2.1.1 25.00 392.00 417.00 WARN
r-oldrel-osx-x86_64 2.1.1 WARN

Additional issues

rchk

Check Details

Version: 2.1.1
Check: re-building of vignette outputs
Result: WARN
    Error in re-building vignettes:
     ...
    Warning in mable(Vaal.Flow$Flow, M = c(2, 100), interval = c(0, 3000), IC = "all", :
     The maximum candidate degree has been reached
     with a p-value of the change-point 0.000000.
    Warning in mable.ph(cbind(futime1, futime2) ~ age, data = ovarian2, M = c(2, :
    
    The maximum candidate degree has been reached
    with a p-value of the change-point 0.008885.
    Warning in mable.ph(formula, data, M, g, pi0, tau, x0, controls, progress) :
    
    The maximum candidate degree has been reached
    with a p-value of the change-point 0.008885.
    Quitting from lines 371-373 (mable.Rmd)
    Error: processing vignette 'mable.Rmd' failed with diagnostics:
    object 'Surv(Y, status)' not found
    Execution halted
Flavor: r-oldrel-windows-ix86+x86_64

Version: 2.1.1
Check: re-building of vignette outputs
Result: WARN
    Error in re-building vignettes:
     ...
    Warning in engine$weave(file, quiet = quiet, encoding = enc) :
     Pandoc (>= 1.12.3) and/or pandoc-citeproc not available. Falling back to R Markdown v1.
    Warning in mable(Vaal.Flow$Flow, M = c(2, 100), interval = c(0, 3000), IC = "all", :
     The maximum candidate degree has been reached
     with a p-value of the change-point 0.000000.
    Warning in mable.ph(cbind(futime1, futime2) ~ age, data = ovarian2, M = c(2, :
    
    The maximum candidate degree has been reached
    with a p-value of the change-point 0.008885.
    Warning in mable.ph(formula, data, M, g, pi0, tau, x0, controls, progress) :
    
    The maximum candidate degree has been reached
    with a p-value of the change-point 0.008885.
    Quitting from lines 371-373 (mable.Rmd)
    Error: processing vignette 'mable.Rmd' failed with diagnostics:
    object 'Surv(Y, status)' not found
    Execution halted
Flavor: r-oldrel-osx-x86_64