Last updated on 2023-03-23 18:49:16 CET.
Flavor | Version | Tinstall | Tcheck | Ttotal | Status | Flags |
---|---|---|---|---|---|---|
r-devel-linux-x86_64-debian-clang | 0.2.0 | 42.49 | 384.91 | 427.40 | OK | |
r-devel-linux-x86_64-debian-gcc | 0.2.0 | 34.53 | 283.21 | 317.74 | OK | |
r-devel-linux-x86_64-fedora-clang | 0.2.0 | 537.36 | NOTE | |||
r-devel-linux-x86_64-fedora-gcc | 0.2.0 | 533.50 | OK | |||
r-patched-linux-x86_64 | 0.2.0 | 33.81 | 364.22 | 398.03 | OK | |
r-release-linux-x86_64 | 0.2.0 | 34.35 | 362.10 | 396.45 | OK | |
r-release-macos-arm64 | 0.2.0 | 91.00 | OK | |||
r-release-macos-x86_64 | 0.2.0 | 156.00 | OK | |||
r-release-windows-x86_64 | 0.2.0 | 58.00 | 423.00 | 481.00 | OK | |
r-oldrel-macos-arm64 | 0.2.0 | 95.00 | OK | |||
r-oldrel-macos-x86_64 | 0.2.0 | 149.00 | OK | |||
r-oldrel-windows-ix86+x86_64 | 0.2.0 | 98.00 | 413.00 | 511.00 | OK |
Version: 0.2.0
Check: Rd cross-references
Result: NOTE
Undeclared package ‘rnaturalearth’ in Rd xrefs
Flavor: r-devel-linux-x86_64-fedora-clang