CRAN Package Check Results for Package madgrad

Last updated on 2021-10-18 23:49:36 CEST.

Flavor Version Tinstall Tcheck Ttotal Status Flags
r-devel-linux-x86_64-debian-clang 0.1.0 2.67 28.04 30.71 OK
r-devel-linux-x86_64-debian-gcc 0.1.0 2.17 22.15 24.32 OK
r-devel-linux-x86_64-fedora-clang 0.1.0 47.33 NOTE
r-devel-linux-x86_64-fedora-gcc 0.1.0 36.27 NOTE
r-devel-windows-x86_64 0.1.0 6.00 44.00 50.00 OK
r-devel-windows-x86_64-gcc10-UCRT 0.1.0 NOTE
r-patched-linux-x86_64 0.1.0 2.69 26.94 29.63 OK
r-patched-solaris-x86 0.1.0 60.70 NOTE
r-release-linux-x86_64 0.1.0 2.44 27.06 29.50 OK
r-release-macos-arm64 0.1.0 NOTE
r-release-macos-x86_64 0.1.0 NOTE
r-release-windows-ix86+x86_64 0.1.0 5.00 45.00 50.00 OK
r-oldrel-macos-x86_64 0.1.0 NOTE
r-oldrel-windows-ix86+x86_64 0.1.0 7.00 45.00 52.00 OK

Check Details

Version: 0.1.0
Check: dependencies in R code
Result: NOTE
    Namespaces in Imports field not imported from:
     ‘rlang’ ‘torch’
     All declared Imports should be used.
Flavors: r-devel-linux-x86_64-fedora-clang, r-devel-linux-x86_64-fedora-gcc, r-devel-windows-x86_64-gcc10-UCRT, r-patched-solaris-x86, r-release-macos-arm64, r-release-macos-x86_64, r-oldrel-macos-x86_64