CRAN Package Check Results for Package madness

Last updated on 2019-04-18 14:48:55 CEST.

Flavor Version Tinstall Tcheck Ttotal Status Flags
r-devel-linux-x86_64-debian-clang 0.2.5 2.77 2.73 5.50 ERROR
r-devel-linux-x86_64-debian-gcc 0.2.5 2.80 2.18 4.98 ERROR
r-devel-linux-x86_64-fedora-clang 0.2.5 6.66 ERROR
r-devel-linux-x86_64-fedora-gcc 0.2.5 6.34 ERROR
r-devel-windows-ix86+x86_64 0.2.5 7.00 14.00 21.00 ERROR
r-patched-linux-x86_64 0.2.5 2.29 2.77 5.06 ERROR
r-patched-solaris-x86 0.2.5 9.10 ERROR
r-release-linux-x86_64 0.2.5 16.31 107.29 123.60 OK
r-release-windows-ix86+x86_64 0.2.5 23.00 165.00 188.00 OK
r-release-osx-x86_64 0.2.5 OK
r-oldrel-windows-ix86+x86_64 0.2.5 9.00 192.00 201.00 OK
r-oldrel-osx-x86_64 0.2.5 OK

Check Details

Version: 0.2.5
Check: whether package can be installed
Result: ERROR
    Installation failed.
Flavors: r-devel-linux-x86_64-debian-clang, r-devel-linux-x86_64-debian-gcc, r-devel-linux-x86_64-fedora-clang, r-devel-linux-x86_64-fedora-gcc, r-devel-windows-ix86+x86_64, r-patched-linux-x86_64, r-patched-solaris-x86