Last updated on 2022-05-17 17:51:05 CEST.
Flavor | Version | Tinstall | Tcheck | Ttotal | Status | Flags |
---|---|---|---|---|---|---|
r-devel-linux-x86_64-debian-clang | 1.1.5 | 382.72 | 181.50 | 564.22 | OK | |
r-devel-linux-x86_64-debian-gcc | 1.1.5 | 332.87 | 136.67 | 469.54 | OK | |
r-devel-linux-x86_64-fedora-clang | 1.1.5 | 874.07 | NOTE | |||
r-devel-linux-x86_64-fedora-gcc | 1.1.5 | 777.02 | OK | |||
r-devel-windows-x86_64 | 1.1.5 | 373.00 | 231.00 | 604.00 | OK | |
r-patched-linux-x86_64 | 1.1.5 | 359.41 | 176.78 | 536.19 | OK | |
r-release-linux-x86_64 | 1.1.5 | 361.37 | 177.24 | 538.61 | OK | |
r-release-macos-arm64 | 1.1.5 | 176.00 | NOTE | |||
r-release-macos-x86_64 | 1.1.5 | 249.00 | NOTE | |||
r-release-windows-x86_64 | 1.1.5 | 302.00 | 229.00 | 531.00 | OK | |
r-oldrel-macos-arm64 | 1.1.5 | 198.00 | NOTE | |||
r-oldrel-macos-x86_64 | 1.1.5 | 263.00 | NOTE | |||
r-oldrel-windows-ix86+x86_64 | 1.1.5 | 968.00 | 586.00 | 1554.00 | NOTE |
Version: 1.1.5
Check: installed package size
Result: NOTE
installed size is 20.8Mb
sub-directories of 1Mb or more:
libs 19.4Mb
Flavors: r-devel-linux-x86_64-fedora-clang, r-release-macos-arm64, r-release-macos-x86_64, r-oldrel-macos-arm64, r-oldrel-macos-x86_64, r-oldrel-windows-ix86+x86_64