CRAN Package Check Results for Package magmaR

Last updated on 2021-10-22 17:51:04 CEST.

Flavor Version Tinstall Tcheck Ttotal Status Flags
r-devel-linux-x86_64-debian-clang 1.0.2 2.75 74.69 77.44 OK
r-devel-linux-x86_64-debian-gcc 1.0.2 2.29 56.51 58.80 OK
r-devel-linux-x86_64-fedora-clang 1.0.2 86.35 NOTE
r-devel-linux-x86_64-fedora-gcc 1.0.2 75.29 NOTE
r-devel-windows-x86_64 1.0.2 5.00 107.00 112.00 OK
r-devel-windows-x86_64-gcc10-UCRT 1.0.2 OK
r-patched-linux-x86_64 1.0.2 3.33 73.00 76.33 OK
r-patched-solaris-x86 1.0.2 79.60 OK
r-release-linux-x86_64 1.0.2 2.91 72.35 75.26 OK
r-release-macos-arm64 1.0.2 OK
r-release-macos-x86_64 1.0.2 NOTE
r-release-windows-ix86+x86_64 1.0.2 5.00 111.00 116.00 OK
r-oldrel-macos-x86_64 1.0.2 NOTE
r-oldrel-windows-ix86+x86_64 1.0.2 6.00 111.00 117.00 OK

Check Details

Version: 1.0.2
Check: package dependencies
Result: NOTE
    Package suggested but not available for checking: ‘dittoSeq’
Flavors: r-devel-linux-x86_64-fedora-clang, r-devel-linux-x86_64-fedora-gcc, r-release-macos-x86_64, r-oldrel-macos-x86_64