CRAN Package Check Results for Package mail

Last updated on 2019-06-27 08:49:15 CEST.

Flavor Version Tinstall Tcheck Ttotal Status Flags
r-devel-linux-x86_64-debian-clang 1.0 1.36 15.66 17.02 NOTE
r-devel-linux-x86_64-debian-gcc 1.0 1.11 12.58 13.69 NOTE
r-devel-linux-x86_64-fedora-clang 1.0 21.02 NOTE
r-devel-linux-x86_64-fedora-gcc 1.0 20.56 NOTE
r-devel-windows-ix86+x86_64 1.0 8.00 26.00 34.00 NOTE
r-patched-linux-x86_64 1.0 1.17 15.52 16.69 NOTE
r-patched-solaris-x86 1.0 36.50 NOTE
r-release-linux-x86_64 1.0 1.47 15.51 16.98 NOTE
r-release-windows-ix86+x86_64 1.0 5.00 37.00 42.00 NOTE
r-release-osx-x86_64 1.0 NOTE
r-oldrel-windows-ix86+x86_64 1.0 2.00 24.00 26.00 NOTE
r-oldrel-osx-x86_64 1.0 NOTE

Check Details

Version: 1.0
Check: DESCRIPTION meta-information
Result: NOTE
    Malformed Description field: should contain one or more complete sentences.
Flavors: r-devel-linux-x86_64-debian-clang, r-devel-linux-x86_64-debian-gcc, r-devel-linux-x86_64-fedora-clang, r-devel-linux-x86_64-fedora-gcc, r-devel-windows-ix86+x86_64, r-patched-linux-x86_64, r-patched-solaris-x86, r-release-linux-x86_64, r-release-windows-ix86+x86_64, r-release-osx-x86_64, r-oldrel-windows-ix86+x86_64, r-oldrel-osx-x86_64