CRAN Package Check Results for Package mail

Last updated on 2019-04-22 15:51:24 CEST.

Flavor Version Tinstall Tcheck Ttotal Status Flags
r-devel-linux-x86_64-debian-clang 1.0 1.42 15.49 16.91 NOTE
r-devel-linux-x86_64-debian-gcc 1.0 1.16 12.76 13.92 NOTE
r-devel-linux-x86_64-fedora-clang 1.0 20.56 NOTE
r-devel-linux-x86_64-fedora-gcc 1.0 19.51 NOTE
r-devel-windows-ix86+x86_64 1.0 7.00 28.00 35.00 NOTE
r-patched-linux-x86_64 1.0 1.41 15.63 17.04 NOTE
r-patched-solaris-x86 1.0 34.30 NOTE
r-release-linux-x86_64 1.0 0.73 14.87 15.60 NOTE
r-release-windows-ix86+x86_64 1.0 2.00 24.00 26.00 NOTE
r-release-osx-x86_64 1.0 NOTE
r-oldrel-windows-ix86+x86_64 1.0 3.00 32.00 35.00 NOTE
r-oldrel-osx-x86_64 1.0 NOTE

Check Details

Version: 1.0
Check: DESCRIPTION meta-information
Result: NOTE
    Malformed Description field: should contain one or more complete sentences.
Flavors: r-devel-linux-x86_64-debian-clang, r-devel-linux-x86_64-debian-gcc, r-devel-linux-x86_64-fedora-clang, r-devel-linux-x86_64-fedora-gcc, r-devel-windows-ix86+x86_64, r-patched-linux-x86_64, r-patched-solaris-x86, r-release-linux-x86_64, r-release-windows-ix86+x86_64, r-release-osx-x86_64, r-oldrel-windows-ix86+x86_64, r-oldrel-osx-x86_64