CRAN Package Check Results for Package makeParallel

Last updated on 2019-12-16 09:51:19 CET.

Flavor Version Tinstall Tcheck Ttotal Status Flags
r-devel-linux-x86_64-debian-clang 0.1.1 4.22 40.83 45.05 WARN
r-devel-linux-x86_64-debian-gcc 0.1.1 3.40 33.59 36.99 WARN
r-devel-linux-x86_64-fedora-clang 0.1.1 55.53 WARN
r-devel-linux-x86_64-fedora-gcc 0.1.1 56.17 WARN
r-devel-windows-ix86+x86_64 0.1.1 11.00 71.00 82.00 OK
r-devel-windows-ix86+x86_64-gcc8 0.1.1 14.00 84.00 98.00 OK
r-patched-linux-x86_64 0.1.1 2.91 36.87 39.78 WARN
r-patched-solaris-x86 0.1.1 74.60 OK
r-release-linux-x86_64 0.1.1 2.78 36.67 39.45 WARN
r-release-windows-ix86+x86_64 0.1.1 11.00 54.00 65.00 OK
r-release-osx-x86_64 0.1.1 OK
r-oldrel-windows-ix86+x86_64 0.1.1 6.00 73.00 79.00 OK
r-oldrel-osx-x86_64 0.1.1 OK

Check Details

Version: 0.1.1
Check: re-building of vignette outputs
Result: WARN
    Error(s) in re-building vignettes:
     ...
    --- re-building 'concepts.Rmd' using rmarkdown
    --- finished re-building 'concepts.Rmd'
    
    --- re-building 'quickstart.Rmd' using rmarkdown
    Warning in file(con, "w") :
     cannot open file '/tmp/Rtmpb6hFwo/rmarkdown-str7e2e71e176e0.html': No such file or directory
    Error: processing vignette 'quickstart.Rmd' failed with diagnostics:
    cannot open the connection
    --- failed re-building 'quickstart.Rmd'
    
    SUMMARY: processing the following file failed:
     'quickstart.Rmd'
    
    Error: Vignette re-building failed.
    Execution halted
Flavor: r-devel-linux-x86_64-debian-clang

Version: 0.1.1
Check: re-building of vignette outputs
Result: WARN
    Error(s) in re-building vignettes:
     ...
    --- re-building ‘concepts.Rmd’ using rmarkdown
    --- finished re-building ‘concepts.Rmd’
    
    --- re-building ‘quickstart.Rmd’ using rmarkdown
    Warning in file(con, "w") :
     cannot open file ‘/home/hornik/tmp/scratch/RtmpTjPO4o/rmarkdown-str277824d9df27.html’: No such file or directory
    Error: processing vignette 'quickstart.Rmd' failed with diagnostics:
    cannot open the connection
    --- failed re-building ‘quickstart.Rmd’
    
    SUMMARY: processing the following file failed:
     ‘quickstart.Rmd’
    
    Error: Vignette re-building failed.
    Execution halted
Flavor: r-devel-linux-x86_64-debian-gcc

Version: 0.1.1
Check: re-building of vignette outputs
Result: WARN
    Error(s) in re-building vignettes:
    --- re-building ‘concepts.Rmd’ using rmarkdown
    --- finished re-building ‘concepts.Rmd’
    
    --- re-building ‘quickstart.Rmd’ using rmarkdown
    Warning in file(con, "w") :
     cannot open file '/tmp/RtmpURi0rM/working_dir/Rtmp9QTyxr/rmarkdown-strb0d73e50738.html': No such file or directory
    Error: processing vignette 'quickstart.Rmd' failed with diagnostics:
    cannot open the connection
    --- failed re-building ‘quickstart.Rmd’
    
    SUMMARY: processing the following file failed:
     ‘quickstart.Rmd’
    
    Error: Vignette re-building failed.
    Execution halted
Flavor: r-devel-linux-x86_64-fedora-clang

Version: 0.1.1
Check: re-building of vignette outputs
Result: WARN
    Error(s) in re-building vignettes:
    --- re-building ‘concepts.Rmd’ using rmarkdown
    --- finished re-building ‘concepts.Rmd’
    
    --- re-building ‘quickstart.Rmd’ using rmarkdown
    Warning in file(con, "w") :
     cannot open file '/tmp/Rtmp05Zclw/working_dir/Rtmp8iL9HF/rmarkdown-str816332c411d6.html': No such file or directory
    Error: processing vignette 'quickstart.Rmd' failed with diagnostics:
    cannot open the connection
    --- failed re-building ‘quickstart.Rmd’
    
    SUMMARY: processing the following file failed:
     ‘quickstart.Rmd’
    
    Error: Vignette re-building failed.
    Execution halted
Flavor: r-devel-linux-x86_64-fedora-gcc

Version: 0.1.1
Check: re-building of vignette outputs
Result: WARN
    Error(s) in re-building vignettes:
     ...
    --- re-building ‘concepts.Rmd’ using rmarkdown
    --- finished re-building ‘concepts.Rmd’
    
    --- re-building ‘quickstart.Rmd’ using rmarkdown
    Warning in file(con, "w") :
     cannot open file ‘/tmp/RtmpBTuhW7/rmarkdown-str2fe01f9b2bca.html’: No such file or directory
    Error: processing vignette 'quickstart.Rmd' failed with diagnostics:
    cannot open the connection
    --- failed re-building ‘quickstart.Rmd’
    
    SUMMARY: processing the following file failed:
     ‘quickstart.Rmd’
    
    Error: Vignette re-building failed.
    Execution halted
Flavor: r-patched-linux-x86_64

Version: 0.1.1
Check: re-building of vignette outputs
Result: WARN
    Error(s) in re-building vignettes:
     ...
    --- re-building ‘concepts.Rmd’ using rmarkdown
    --- finished re-building ‘concepts.Rmd’
    
    --- re-building ‘quickstart.Rmd’ using rmarkdown
    Warning in file(con, "w") :
     cannot open file ‘/tmp/RtmpKX8ADD/rmarkdown-str57d57c7cc4bf.html’: No such file or directory
    Error: processing vignette 'quickstart.Rmd' failed with diagnostics:
    cannot open the connection
    --- failed re-building ‘quickstart.Rmd’
    
    SUMMARY: processing the following file failed:
     ‘quickstart.Rmd’
    
    Error: Vignette re-building failed.
    Execution halted
Flavor: r-release-linux-x86_64