Last updated on 2023-12-01 00:52:01 CET.
Flavor | Version | Tinstall | Tcheck | Ttotal | Status | Flags |
---|---|---|---|---|---|---|
r-devel-linux-x86_64-debian-clang | 1.0 | 1.84 | 18.07 | 19.91 | NOTE | |
r-devel-linux-x86_64-debian-gcc | 1.0 | 1.56 | 14.51 | 16.07 | NOTE | |
r-devel-linux-x86_64-fedora-clang | 1.0 | 26.13 | OK | |||
r-devel-linux-x86_64-fedora-gcc | 1.0 | 24.38 | OK | |||
r-devel-windows-x86_64 | 1.0 | 3.00 | 34.00 | 37.00 | OK | |
r-patched-linux-x86_64 | 1.0 | 1.81 | 18.06 | 19.87 | OK | |
r-release-linux-x86_64 | 1.0 | 1.96 | 17.96 | 19.92 | OK | |
r-release-macos-arm64 | 1.0 | 13.00 | OK | |||
r-release-macos-x86_64 | 1.0 | 17.00 | OK | |||
r-release-windows-x86_64 | 1.0 | 3.00 | 34.00 | 37.00 | OK | |
r-oldrel-macos-arm64 | 1.0 | 16.00 | OK | |||
r-oldrel-macos-x86_64 | 1.0 | 19.00 | OK | |||
r-oldrel-windows-x86_64 | 1.0 | 5.00 | 40.00 | 45.00 | OK |
Version: 1.0
Check: Rd files
Result: NOTE
checkRd: (-1) makeProject.Rd:34: Lost braces
34 | email{noahsilverman@ucla.edu}
| ^
Flavors: r-devel-linux-x86_64-debian-clang, r-devel-linux-x86_64-debian-gcc