Last updated on 2022-05-18 04:49:39 CEST.
Flavor | Version | Tinstall | Tcheck | Ttotal | Status | Flags |
---|---|---|---|---|---|---|
r-devel-linux-x86_64-debian-clang | 0.2.0 | 5.58 | 44.94 | 50.52 | OK | |
r-devel-linux-x86_64-debian-gcc | 0.2.0 | 4.67 | 34.03 | 38.70 | OK | |
r-devel-linux-x86_64-fedora-clang | 0.2.0 | 60.82 | NOTE | |||
r-devel-linux-x86_64-fedora-gcc | 0.2.0 | 34.85 | NOTE | |||
r-devel-windows-x86_64 | 0.2.0 | 39.00 | 65.00 | 104.00 | OK | |
r-patched-linux-x86_64 | 0.2.0 | 5.28 | 42.83 | 48.11 | OK | |
r-release-linux-x86_64 | 0.2.0 | 3.90 | 43.50 | 47.40 | OK | |
r-release-macos-arm64 | 0.2.0 | 22.00 | NOTE | |||
r-release-macos-x86_64 | 0.2.0 | 31.00 | NOTE | |||
r-release-windows-x86_64 | 0.2.0 | 52.00 | 73.00 | 125.00 | OK | |
r-oldrel-macos-arm64 | 0.2.0 | 23.00 | NOTE | |||
r-oldrel-macos-x86_64 | 0.2.0 | 28.00 | NOTE | |||
r-oldrel-windows-ix86+x86_64 | 0.2.0 | 11.00 | 55.00 | 66.00 | OK |
Version: 0.2.0
Check: dependencies in R code
Result: NOTE
Namespaces in Imports field not imported from:
‘cli’ ‘nomnoml’
All declared Imports should be used.
Flavors: r-devel-linux-x86_64-fedora-clang, r-devel-linux-x86_64-fedora-gcc, r-release-macos-arm64, r-release-macos-x86_64, r-oldrel-macos-arm64, r-oldrel-macos-x86_64