Last updated on 2021-01-27 08:48:18 CET.
Flavor | Version | Tinstall | Tcheck | Ttotal | Status | Flags |
---|---|---|---|---|---|---|
r-devel-linux-x86_64-debian-clang | 1.2.0 | 2.71 | 35.14 | 37.85 | OK | |
r-devel-linux-x86_64-debian-gcc | 1.2.0 | 2.32 | 26.30 | 28.62 | OK | |
r-devel-linux-x86_64-fedora-clang | 1.2.0 | 53.59 | OK | |||
r-devel-linux-x86_64-fedora-gcc | 1.2.0 | 43.30 | OK | |||
r-devel-windows-ix86+x86_64 | 1.2.0 | 15.00 | 69.00 | 84.00 | OK | |
r-patched-linux-x86_64 | 1.2.0 | 2.34 | 31.72 | 34.06 | OK | |
r-patched-solaris-x86 | 1.2.0 | 62.10 | OK | |||
r-release-linux-x86_64 | 1.2.0 | 2.55 | 31.93 | 34.48 | OK | |
r-release-macos-x86_64 | 1.2.0 | OK | ||||
r-release-windows-ix86+x86_64 | 1.2.0 | 20.00 | 70.00 | 90.00 | OK | |
r-oldrel-macos-x86_64 | 1.2.0 | ERROR | ||||
r-oldrel-windows-ix86+x86_64 | 1.2.0 | 11.00 | 109.00 | 120.00 | OK |
Version: 1.2.0
Check: tests
Result: ERROR
Running ‘testthat.R’ [1s/1s]
Running the tests in ‘tests/testthat.R’ failed.
Last 13 lines of output:
Error: Failed to execute 'ldd' (No such file or directory)
Backtrace:
█
1. └─maketools::package_sysdeps("curl") test-sysdeps.R:3:2
2. └─maketools::package_links_to(pkg = pkg, lib.loc = lib.loc)
3. └─maketools:::links_to_ldd(dll)
4. └─maketools:::sys_call("ldd", dll, error = FALSE)
5. ├─sys::as_text(sys::exec_internal(cmd = cmd, args = args, error = error)$stdout)
6. └─sys::exec_internal(cmd = cmd, args = args, error = error)
7. └─sys::exec_wait(...)
8. └─sys:::execute(...)
[ FAIL 1 | WARN 0 | SKIP 0 | PASS 0 ]
Error: Test failures
Execution halted
Flavor: r-oldrel-macos-x86_64