CRAN Package Check Results for Package malan

Last updated on 2020-11-27 09:50:29 CET.

Flavor Version Tinstall Tcheck Ttotal Status Flags
r-devel-linux-x86_64-debian-clang 1.0.2 370.65 84.67 455.32 OK
r-devel-linux-x86_64-debian-gcc 1.0.2 386.07 66.39 452.46 OK
r-devel-linux-x86_64-fedora-clang 1.0.2 589.72 NOTE
r-devel-linux-x86_64-fedora-gcc 1.0.2 523.30 OK
r-devel-windows-ix86+x86_64 1.0.2 744.00 122.00 866.00 OK
r-patched-linux-x86_64 1.0.2 466.89 82.52 549.41 OK
r-patched-solaris-x86 1.0.2 440.70 OK
r-release-linux-x86_64 1.0.2 478.97 80.16 559.13 OK
r-release-macos-x86_64 1.0.2 NOTE
r-release-windows-ix86+x86_64 1.0.2 762.00 157.00 919.00 OK
r-oldrel-macos-x86_64 1.0.2 NOTE
r-oldrel-windows-ix86+x86_64 1.0.2 565.00 154.00 719.00 OK

Check Details

Version: 1.0.2
Check: installed package size
Result: NOTE
     installed size is 13.3Mb
     sub-directories of 1Mb or more:
     libs 12.3Mb
Flavors: r-devel-linux-x86_64-fedora-clang, r-release-macos-x86_64, r-oldrel-macos-x86_64