CRAN Package Check Results for Package malani

Last updated on 2021-09-20 00:48:57 CEST.

Flavor Version Tinstall Tcheck Ttotal Status Flags
r-devel-linux-x86_64-debian-clang 1.0 2.13 35.58 37.71 OK
r-devel-linux-x86_64-debian-gcc 1.0 1.81 27.06 28.87 OK
r-devel-linux-x86_64-fedora-clang 1.0 54.44 OK
r-devel-linux-x86_64-fedora-gcc 1.0 43.24 OK
r-devel-windows-x86_64 1.0 3.00 45.00 48.00 OK
r-devel-windows-x86_64-gcc10-UCRT 1.0 ERROR
r-patched-linux-x86_64 1.0 2.15 34.68 36.83 OK
r-patched-solaris-x86 1.0 66.00 OK
r-release-linux-x86_64 1.0 1.91 34.31 36.22 OK
r-release-macos-arm64 1.0 OK
r-release-macos-x86_64 1.0 OK
r-release-windows-ix86+x86_64 1.0 7.00 39.00 46.00 OK
r-oldrel-macos-x86_64 1.0 OK
r-oldrel-windows-ix86+x86_64 1.0 5.00 39.00 44.00 OK

Check Details

Version: 1.0
Check: whether package can be installed
Result: WARN
    Found the following significant warnings:
     WARNING: installation-time patches will not be applied, could not get the patches index
Flavor: r-devel-windows-x86_64-gcc10-UCRT

Version: 1.0
Check: PDF version of manual
Result: WARN
    LaTeX errors when creating PDF version.
    This typically indicates Rd problems.
Flavor: r-devel-windows-x86_64-gcc10-UCRT

Version: 1.0
Check: PDF version of manual without hyperrefs or index
Result: ERROR
    Re-running with no redirection of stdout/stderr.
Flavor: r-devel-windows-x86_64-gcc10-UCRT