Last updated on 2022-05-16 19:50:08 CEST.
Flavor | Version | Tinstall | Tcheck | Ttotal | Status | Flags |
---|---|---|---|---|---|---|
r-devel-linux-x86_64-debian-clang | 1.0 | 19.31 | 253.92 | 273.23 | NOTE | |
r-devel-linux-x86_64-debian-gcc | 1.0 | 15.08 | 184.27 | 199.35 | NOTE | |
r-devel-linux-x86_64-fedora-clang | 1.0 | 320.41 | NOTE | |||
r-devel-linux-x86_64-fedora-gcc | 1.0 | 331.97 | NOTE | |||
r-devel-windows-x86_64 | 1.0 | 40.00 | 280.00 | 320.00 | NOTE | |
r-patched-linux-x86_64 | 1.0 | 20.88 | 241.76 | 262.64 | OK | |
r-release-linux-x86_64 | 1.0 | 17.81 | 242.08 | 259.89 | OK | |
r-release-macos-arm64 | 1.0 | 90.00 | NOTE | |||
r-release-macos-x86_64 | 1.0 | 158.00 | NOTE | |||
r-release-windows-x86_64 | 1.0 | 42.00 | 299.00 | 341.00 | NOTE | |
r-oldrel-macos-arm64 | 1.0 | 93.00 | NOTE | |||
r-oldrel-macos-x86_64 | 1.0 | 112.00 | NOTE | |||
r-oldrel-windows-ix86+x86_64 | 1.0 | 46.00 | 289.00 | 335.00 | NOTE |
Version: 1.0
Check: Rd files
Result: NOTE
checkRd: (7) basisprod.Rd:16: \item in \value must have non-empty label
checkRd: (7) ptest.Rd:43: \item in \value must have non-empty label
checkRd: (7) rec.Rd:20: \item in \value must have non-empty label
checkRd: (7) sizechange.Rd:20: \item in \value must have non-empty label
Flavors: r-devel-linux-x86_64-debian-clang, r-devel-linux-x86_64-debian-gcc, r-devel-linux-x86_64-fedora-clang, r-devel-linux-x86_64-fedora-gcc, r-devel-windows-x86_64
Version: 1.0
Check: installed package size
Result: NOTE
installed size is 7.2Mb
sub-directories of 1Mb or more:
doc 6.7Mb
Flavors: r-devel-linux-x86_64-fedora-clang, r-devel-windows-x86_64, r-release-macos-arm64, r-release-macos-x86_64, r-release-windows-x86_64, r-oldrel-macos-arm64, r-oldrel-macos-x86_64, r-oldrel-windows-ix86+x86_64