CRAN Package Check Results for Package mangoTraining

Last updated on 2020-08-10 20:46:58 CEST.

Flavor Version Tinstall Tcheck Ttotal Status Flags
r-devel-linux-x86_64-debian-clang 1.1 4.56 24.86 29.42 OK
r-devel-linux-x86_64-debian-gcc 1.1 3.67 19.87 23.54 OK
r-devel-linux-x86_64-fedora-clang 1.1 44.34 NOTE
r-devel-linux-x86_64-fedora-gcc 1.1 35.50 NOTE
r-devel-windows-ix86+x86_64 1.1 10.00 48.00 58.00 OK
r-patched-linux-x86_64 1.1 5.20 24.81 30.01 OK
r-patched-solaris-x86 1.1 55.80 NOTE
r-release-linux-x86_64 1.1 4.48 24.99 29.47 OK
r-release-macos-x86_64 1.1 NOTE
r-release-windows-ix86+x86_64 1.1 15.00 41.00 56.00 OK
r-oldrel-macos-x86_64 1.1 NOTE
r-oldrel-windows-ix86+x86_64 1.1 9.00 40.00 49.00 OK

Check Details

Version: 1.1
Check: dependencies in R code
Result: NOTE
    Namespace in Imports field not imported from: ‘tibble’
     All declared Imports should be used.
Flavors: r-devel-linux-x86_64-fedora-clang, r-devel-linux-x86_64-fedora-gcc, r-patched-solaris-x86, r-release-macos-x86_64, r-oldrel-macos-x86_64

Version: 1.1
Check: data for non-ASCII characters
Result: NOTE
     Note: found 328 marked UTF-8 strings
Flavors: r-devel-linux-x86_64-fedora-clang, r-devel-linux-x86_64-fedora-gcc, r-patched-solaris-x86, r-release-macos-x86_64, r-oldrel-macos-x86_64