CRAN Package Check Results for Package manifestoR

Last updated on 2021-06-24 17:51:04 CEST.

Flavor Version Tinstall Tcheck Ttotal Status Flags
r-devel-linux-x86_64-debian-clang 1.5.0 10.18 71.87 82.05 NOTE
r-devel-linux-x86_64-debian-gcc 1.5.0 7.81 53.27 61.08 NOTE
r-devel-linux-x86_64-fedora-clang 1.5.0 104.21 NOTE
r-devel-linux-x86_64-fedora-gcc 1.5.0 93.54 NOTE
r-devel-windows-x86_64 1.5.0 14.00 64.00 78.00 NOTE
r-devel-windows-x86_64-gcc10-UCRT 1.5.0 NOTE
r-patched-linux-x86_64 1.5.0 12.13 67.29 79.42 NOTE
r-patched-solaris-x86 1.5.0 130.50 NOTE
r-release-linux-x86_64 1.5.0 8.36 66.74 75.10 NOTE
r-release-macos-arm64 1.5.0 NOTE
r-release-macos-x86_64 1.5.0 NOTE
r-release-windows-ix86+x86_64 1.5.0 14.00 68.00 82.00 NOTE
r-oldrel-macos-x86_64 1.5.0 OK

Check Details

Version: 1.5.0
Check: LazyData
Result: NOTE
     'LazyData' is specified without a 'data' directory
Flavors: r-devel-linux-x86_64-debian-clang, r-devel-linux-x86_64-debian-gcc, r-devel-linux-x86_64-fedora-clang, r-devel-linux-x86_64-fedora-gcc, r-devel-windows-x86_64, r-devel-windows-x86_64-gcc10-UCRT, r-patched-linux-x86_64, r-patched-solaris-x86, r-release-linux-x86_64, r-release-macos-arm64, r-release-macos-x86_64, r-release-windows-ix86+x86_64