Last updated on 2023-03-25 23:51:47 CET.
Flavor | Version | Tinstall | Tcheck | Ttotal | Status | Flags |
---|---|---|---|---|---|---|
r-devel-linux-x86_64-debian-clang | 0.11.1 | 8.19 | 67.64 | 75.83 | OK | |
r-devel-linux-x86_64-debian-gcc | 0.11.1 | 6.50 | 51.89 | 58.39 | OK | |
r-devel-linux-x86_64-fedora-clang | 0.11.1 | 98.01 | NOTE | |||
r-devel-linux-x86_64-fedora-gcc | 0.11.1 | 116.57 | NOTE | |||
r-patched-linux-x86_64 | 0.11.1 | 8.50 | 66.81 | 75.31 | OK | |
r-release-linux-x86_64 | 0.11.1 | 5.99 | 68.34 | 74.33 | OK | |
r-release-macos-arm64 | 0.11.1 | 37.00 | NOTE | |||
r-release-macos-x86_64 | 0.11.1 | 58.00 | NOTE | |||
r-release-windows-x86_64 | 0.11.1 | 137.00 | 124.00 | 261.00 | OK | |
r-oldrel-macos-arm64 | 0.11.1 | 39.00 | NOTE | |||
r-oldrel-macos-x86_64 | 0.11.1 | 56.00 | NOTE | |||
r-oldrel-windows-ix86+x86_64 | 0.11.1 | 20.00 | 118.00 | 138.00 | OK |
Version: 0.11.1
Check: data for non-ASCII characters
Result: NOTE
Note: found 55 marked UTF-8 strings
Flavors: r-devel-linux-x86_64-fedora-clang, r-devel-linux-x86_64-fedora-gcc, r-release-macos-arm64, r-release-macos-x86_64, r-oldrel-macos-arm64, r-oldrel-macos-x86_64