CRAN Package Check Results for Package manipulateWidget

Last updated on 2019-07-21 10:46:16 CEST.

Flavor Version Tinstall Tcheck Ttotal Status Flags
r-devel-linux-x86_64-debian-clang 0.10.0 4.18 51.44 55.62 OK
r-devel-linux-x86_64-debian-gcc 0.10.0 3.86 41.25 45.11 OK
r-devel-linux-x86_64-fedora-clang 0.10.0 66.89 OK
r-devel-linux-x86_64-fedora-gcc 0.10.0 69.23 OK
r-devel-windows-ix86+x86_64 0.10.0 10.00 96.00 106.00 OK
r-patched-linux-x86_64 0.10.0 4.93 50.78 55.71 OK
r-patched-solaris-x86 0.10.0 98.60 WARN
r-release-linux-x86_64 0.10.0 5.15 50.53 55.68 OK
r-release-windows-ix86+x86_64 0.10.0 11.00 61.00 72.00 OK
r-release-osx-x86_64 0.10.0 WARN
r-oldrel-windows-ix86+x86_64 0.10.0 11.00 91.00 102.00 OK
r-oldrel-osx-x86_64 0.10.0 WARN

Check Details

Version: 0.10.0
Check: re-building of vignette outputs
Result: WARN
    Error(s) in re-building vignettes:
     ...
    --- re-building ‘manipulateWidgets.Rmd’ using rmarkdown
    Warning in engine$weave(file, quiet = quiet, encoding = enc) :
     Pandoc (>= 1.12.3) and/or pandoc-citeproc not available. Falling back to R Markdown v1.
    Warning in normalizePath(f2) :
     path[1]="webshot5ebb4be7f8a.png": No such file or directory
    Warning in file(con, "rb") :
     cannot open file 'webshot5ebb4be7f8a.png': No such file or directory
    Quitting from lines 61-68 (manipulateWidgets.Rmd)
    Error: processing vignette 'manipulateWidgets.Rmd' failed with diagnostics:
    cannot open the connection
    --- failed re-building ‘manipulateWidgets.Rmd’
    
    SUMMARY: processing the following file failed:
     ‘manipulateWidgets.Rmd’
    
    Error: Vignette re-building failed.
    Execution halted
Flavor: r-patched-solaris-x86

Version: 0.10.0
Check: re-building of vignette outputs
Result: WARN
    Error(s) in re-building vignettes:
     ...
    --- re-building ‘manipulateWidgets.Rmd’ using rmarkdown
    Warning in engine$weave(file, quiet = quiet, encoding = enc) :
     Pandoc (>= 1.12.3) and/or pandoc-citeproc not available. Falling back to R Markdown v1.
    Warning in normalizePath(f2) :
     path[1]="webshot26c62068963e.png": No such file or directory
    Warning in file(con, "rb") :
     cannot open file 'webshot26c62068963e.png': No such file or directory
    Quitting from lines 61-68 (manipulateWidgets.Rmd)
    Error: processing vignette 'manipulateWidgets.Rmd' failed with diagnostics:
    cannot open the connection
    --- failed re-building ‘manipulateWidgets.Rmd’
    
    SUMMARY: processing the following file failed:
     ‘manipulateWidgets.Rmd’
    
    Error: Vignette re-building failed.
    Execution halted
Flavor: r-release-osx-x86_64

Version: 0.10.0
Check: re-building of vignette outputs
Result: WARN
    Error in re-building vignettes:
     ...
    Warning in engine$weave(file, quiet = quiet, encoding = enc) :
     Pandoc (>= 1.12.3) and/or pandoc-citeproc not available. Falling back to R Markdown v1.
    Warning in normalizePath(f2) :
     path[1]="./webshotd023306255d6.png": No such file or directory
    Warning in file(con, "rb") :
     cannot open file './webshotd023306255d6.png': No such file or directory
    Quitting from lines 61-68 (manipulateWidgets.Rmd)
    Error: processing vignette 'manipulateWidgets.Rmd' failed with diagnostics:
    cannot open the connection
    Execution halted
Flavor: r-oldrel-osx-x86_64