CRAN Package Check Results for Package manipulateWidget

Last updated on 2019-04-23 10:48:14 CEST.

Flavor Version Tinstall Tcheck Ttotal Status Flags
r-devel-linux-x86_64-debian-clang 0.10.0 4.41 51.58 55.99 OK
r-devel-linux-x86_64-debian-gcc 0.10.0 3.99 40.38 44.37 OK
r-devel-linux-x86_64-fedora-clang 0.10.0 66.73 OK
r-devel-linux-x86_64-fedora-gcc 0.10.0 63.06 OK
r-devel-windows-ix86+x86_64 0.10.0 14.00 66.00 80.00 OK
r-patched-linux-x86_64 0.10.0 4.21 51.22 55.43 OK
r-patched-solaris-x86 0.10.0 87.90 WARN
r-release-linux-x86_64 0.10.0 3.84 49.05 52.89 OK
r-release-windows-ix86+x86_64 0.10.0 8.00 103.00 111.00 OK
r-release-osx-x86_64 0.10.0 WARN
r-oldrel-windows-ix86+x86_64 0.10.0 14.00 100.00 114.00 OK
r-oldrel-osx-x86_64 0.10.0 WARN

Check Details

Version: 0.10.0
Check: re-building of vignette outputs
Result: WARN
    Error(s) in re-building vignettes:
     ...
    --- re-building ‘manipulateWidgets.Rmd’ using rmarkdown
    Warning in engine$weave(file, quiet = quiet, encoding = enc) :
     Pandoc (>= 1.12.3) and/or pandoc-citeproc not available. Falling back to R Markdown v1.
    Warning in normalizePath(f2) :
     path[1]="webshot67e237813936.png": No such file or directory
    Warning in file(con, "rb") :
     cannot open file 'webshot67e237813936.png': No such file or directory
    Quitting from lines 61-68 (manipulateWidgets.Rmd)
    Error: processing vignette 'manipulateWidgets.Rmd' failed with diagnostics:
    cannot open the connection
    --- failed re-building ‘manipulateWidgets.Rmd’
    
    SUMMARY: processing the following file failed:
     ‘manipulateWidgets.Rmd’
    
    Error: Vignette re-building failed.
    Execution halted
Flavor: r-patched-solaris-x86

Version: 0.10.0
Check: re-building of vignette outputs
Result: WARN
    Error in re-building vignettes:
     ...
    Warning in engine$weave(file, quiet = quiet, encoding = enc) :
     Pandoc (>= 1.12.3) and/or pandoc-citeproc not available. Falling back to R Markdown v1.
    Warning in normalizePath(f2) :
     path[1]="./webshotd023306255d6.png": No such file or directory
    Warning in file(con, "rb") :
     cannot open file './webshotd023306255d6.png': No such file or directory
    Quitting from lines 61-68 (manipulateWidgets.Rmd)
    Error: processing vignette 'manipulateWidgets.Rmd' failed with diagnostics:
    cannot open the connection
    Execution halted
Flavor: r-release-osx-x86_64

Version: 0.10.0
Check: re-building of vignette outputs
Result: WARN
    Error in re-building vignettes:
     ...
    Warning in engine$weave(file, quiet = quiet, encoding = enc) :
     Pandoc (>= 1.12.3) and/or pandoc-citeproc not available. Falling back to R Markdown v1.
    Warning in normalizePath(f2) :
     path[1]="./webshotcd6c4bdcad34.png": No such file or directory
    Warning in file(con, "rb") :
     cannot open file './webshotcd6c4bdcad34.png': No such file or directory
    Quitting from lines 61-68 (manipulateWidgets.Rmd)
    Error: processing vignette 'manipulateWidgets.Rmd' failed with diagnostics:
    cannot open the connection
    Execution halted
Flavor: r-oldrel-osx-x86_64