CRAN Package Check Results for Package maotai

Last updated on 2023-03-30 21:49:58 CEST.

Flavor Version Tinstall Tcheck Ttotal Status Flags
r-devel-linux-x86_64-debian-clang 0.2.4 132.21 105.71 237.92 NOTE
r-devel-linux-x86_64-debian-gcc 0.2.4 99.09 81.80 180.89 NOTE
r-devel-linux-x86_64-fedora-clang 0.2.5 365.67 OK
r-devel-linux-x86_64-fedora-gcc 0.2.5 335.92 OK
r-devel-windows-x86_64 0.2.4 127.00 0.00 127.00 ERROR
r-patched-linux-x86_64 0.2.4 103.35 101.87 205.22 NOTE
r-release-linux-x86_64 0.2.4 81.50 97.20 178.70 OK
r-release-macos-arm64 0.2.4 74.00 NOTE
r-release-macos-x86_64 0.2.4 97.00 NOTE
r-release-windows-x86_64 0.2.4 124.00 167.00 291.00 OK
r-oldrel-macos-arm64 0.2.4 73.00 NOTE
r-oldrel-macos-x86_64 0.2.4 92.00 NOTE
r-oldrel-windows-ix86+x86_64 0.2.5 256.00 191.00 447.00 OK

Check Details

Version: 0.2.4
Check: C++ specification
Result: NOTE
     Specified C++11: please drop specification unless essential
Flavors: r-devel-linux-x86_64-debian-clang, r-devel-linux-x86_64-debian-gcc, r-devel-windows-x86_64, r-patched-linux-x86_64

Version: 0.2.4
Check: examples
Result: ERROR
    Running examples in 'maotai-Ex.R' failed
    The error occurred in:
    
    Fatal error: couldn't allocate node stack
Flavor: r-devel-windows-x86_64

Version: 0.2.4
Check: PDF version of manual
Result: WARN
    LaTeX errors when creating PDF version.
    This typically indicates Rd problems.
Flavor: r-devel-windows-x86_64

Version: 0.2.4
Check: PDF version of manual without index
Result: ERROR
    Re-running with no redirection of stdout/stderr.
Flavor: r-devel-windows-x86_64

Version: 0.2.4
Check: installed package size
Result: NOTE
     installed size is 6.2Mb
     sub-directories of 1Mb or more:
     libs 5.9Mb
Flavors: r-release-macos-arm64, r-release-macos-x86_64, r-oldrel-macos-arm64, r-oldrel-macos-x86_64