CRAN Package Check Results for Package mapReasy

Last updated on 2018-09-24 09:54:33 CEST.

Flavor Version Tinstall Tcheck Ttotal Status Flags
r-devel-linux-x86_64-debian-clang 1.0 7.37 103.97 111.34 OK
r-devel-linux-x86_64-debian-gcc 1.0 7.12 88.78 95.90 OK
r-devel-linux-x86_64-fedora-clang 1.0 139.40 OK
r-devel-linux-x86_64-fedora-gcc 1.0 133.82 OK
r-devel-windows-ix86+x86_64 1.0 22.00 158.00 180.00 WARN
r-patched-linux-x86_64 1.0 5.48 85.80 91.28 OK
r-patched-solaris-x86 1.0 183.50 OK
r-release-linux-x86_64 1.0 6.50 86.59 93.09 OK
r-release-windows-ix86+x86_64 1.0 24.00 144.00 168.00 WARN
r-release-osx-x86_64 1.0 OK
r-oldrel-windows-ix86+x86_64 1.0 13.00 148.00 161.00 OK
r-oldrel-osx-x86_64 1.0 OK

Check Details

Version: 1.0
Check: whether package can be installed
Result: WARN
    Found the following significant warnings:
     Warning: S3 methods '[.fun_list', '[.grouped_df', 'all.equal.tbl_df', 'anti_join.data.frame', 'anti_join.tbl_df', 'arrange.data.frame', 'arrange.default', 'arrange.grouped_df', 'arrange.tbl_df', 'arrange_.data.frame', 'arrange_.tbl_df', 'as.data.frame.grouped_df', 'as.data.frame.rowwise_df', 'as.data.frame.tbl_cube', 'as.data.frame.tbl_df', 'as.table.tbl_cube', 'as.tbl.data.frame', 'as.tbl.tbl', 'as.tbl_cube.array', 'as.tbl_cube.data.frame', 'as.tbl_cube.matrix', 'as.tbl_cube.table', 'as_data_frame.grouped_df', 'as_data_frame.tbl_cube', 'auto_copy.tbl_cube', 'auto_copy.tbl_df', 'cbind.grouped_df', 'collapse.data.frame', 'collect.data.frame', 'common_by.NULL', 'common_by.character', 'common_by.default', 'common_by.list', 'compute.data.frame', 'copy_to.DBIConnection', 'copy_to.src_local', 'default_missing.data.frame', 'default_missing.default', 'dim.tbl_cube', 'distinct.data.frame', 'distinct.default', 'distinct.grouped_df', 'distinct.tbl_df', 'distinct_.data.frame', 'distinct_.grouped_df', 'dist [... truncated]
Flavors: r-devel-windows-ix86+x86_64, r-release-windows-ix86+x86_64