Last updated on 2022-05-18 01:49:56 CEST.
Flavor | Version | Tinstall | Tcheck | Ttotal | Status | Flags |
---|---|---|---|---|---|---|
r-devel-linux-x86_64-debian-clang | 0.6.1 | 7.26 | 195.46 | 202.72 | OK | |
r-devel-linux-x86_64-debian-gcc | 0.6.1 | 6.46 | 137.86 | 144.32 | OK | |
r-devel-linux-x86_64-fedora-clang | 0.6.1 | 236.40 | NOTE | |||
r-devel-linux-x86_64-fedora-gcc | 0.6.1 | 220.33 | NOTE | |||
r-devel-windows-x86_64 | 0.6.1 | 35.00 | 181.00 | 216.00 | OK | |
r-patched-linux-x86_64 | 0.6.1 | 9.13 | 178.01 | 187.14 | OK | |
r-release-linux-x86_64 | 0.6.1 | 6.97 | 183.61 | 190.58 | OK | |
r-release-macos-arm64 | 0.6.1 | 59.00 | NOTE | |||
r-release-macos-x86_64 | 0.6.1 | 103.00 | NOTE | |||
r-release-windows-x86_64 | 0.6.1 | 54.00 | 184.00 | 238.00 | OK | |
r-oldrel-macos-arm64 | 0.6.1 | 65.00 | NOTE | |||
r-oldrel-macos-x86_64 | 0.6.1 | 80.00 | NOTE | |||
r-oldrel-windows-ix86+x86_64 | 0.6.1 | 22.00 | 187.00 | 209.00 | OK |
Version: 0.6.1
Check: data for non-ASCII characters
Result: NOTE
Note: found 13062 marked UTF-8 strings
Flavors: r-devel-linux-x86_64-fedora-clang, r-devel-linux-x86_64-fedora-gcc, r-release-macos-arm64, r-release-macos-x86_64, r-oldrel-macos-arm64, r-oldrel-macos-x86_64