CRAN Package Check Results for Package mapSpain

Last updated on 2021-06-24 22:54:31 CEST.

Flavor Version Tinstall Tcheck Ttotal Status Flags
r-devel-linux-x86_64-debian-clang 0.2.3 7.07 305.62 312.69 OK
r-devel-linux-x86_64-debian-gcc 0.2.3 6.45 214.06 220.51 OK
r-devel-linux-x86_64-fedora-clang 0.2.3 346.32 NOTE
r-devel-linux-x86_64-fedora-gcc 0.2.3 340.19 NOTE
r-devel-windows-x86_64 0.2.3 13.00 135.00 148.00 OK
r-devel-windows-x86_64-gcc10-UCRT 0.2.3 NOTE
r-patched-linux-x86_64 0.2.3 7.69 288.06 295.75 OK
r-patched-solaris-x86 0.2.3 438.40 NOTE
r-release-linux-x86_64 0.2.3 7.26 283.76 291.02 OK
r-release-macos-arm64 0.2.3 NOTE
r-release-macos-x86_64 0.2.3 NOTE
r-release-windows-ix86+x86_64 0.2.3 14.00 136.00 150.00 OK
r-oldrel-macos-x86_64 0.2.3 NOTE
r-oldrel-windows-ix86+x86_64 0.2.3 18.00 149.00 167.00 OK

Check Details

Version: 0.2.3
Check: data for non-ASCII characters
Result: NOTE
     Note: found 13084 marked UTF-8 strings
Flavors: r-devel-linux-x86_64-fedora-clang, r-devel-linux-x86_64-fedora-gcc, r-devel-windows-x86_64-gcc10-UCRT, r-patched-solaris-x86, r-release-macos-arm64, r-release-macos-x86_64, r-oldrel-macos-x86_64