Last updated on 2023-12-03 23:56:49 CET.
Flavor | Version | Tinstall | Tcheck | Ttotal | Status | Flags |
---|---|---|---|---|---|---|
r-devel-linux-x86_64-debian-clang | 0.8.0 | 7.43 | 177.06 | 184.49 | OK | |
r-devel-linux-x86_64-debian-gcc | 0.8.0 | 6.60 | 138.39 | 144.99 | OK | |
r-devel-linux-x86_64-fedora-clang | 0.8.0 | 224.07 | NOTE | |||
r-devel-linux-x86_64-fedora-gcc | 0.8.0 | 235.87 | NOTE | |||
r-devel-windows-x86_64 | 0.8.0 | 12.00 | 129.00 | 141.00 | OK | |
r-patched-linux-x86_64 | 0.8.0 | 8.22 | 169.14 | 177.36 | OK | |
r-release-linux-x86_64 | 0.8.0 | 8.88 | 168.77 | 177.65 | OK | |
r-release-macos-arm64 | 0.8.0 | 62.00 | OK | |||
r-release-macos-x86_64 | 0.8.0 | 125.00 | OK | |||
r-release-windows-x86_64 | 0.8.0 | 13.00 | 162.00 | 175.00 | OK | |
r-oldrel-macos-arm64 | 0.8.0 | 59.00 | OK | |||
r-oldrel-macos-x86_64 | 0.8.0 | 87.00 | OK | |||
r-oldrel-windows-x86_64 | 0.8.0 | 15.00 | 159.00 | 174.00 | OK |
Version: 0.8.0
Check: data for non-ASCII characters
Result: NOTE
Note: found 13138 marked UTF-8 strings
Flavors: r-devel-linux-x86_64-fedora-clang, r-devel-linux-x86_64-fedora-gcc