CRAN Package Check Results for Package mapSpain

Last updated on 2022-11-26 08:55:55 CET.

Flavor Version Tinstall Tcheck Ttotal Status Flags
r-devel-linux-x86_64-debian-clang 0.6.2 8.35 176.24 184.59 OK
r-devel-linux-x86_64-debian-gcc 0.6.2 7.06 134.61 141.67 OK
r-devel-linux-x86_64-fedora-clang 0.6.2 239.08 NOTE
r-devel-linux-x86_64-fedora-gcc 0.6.2 235.95 NOTE
r-devel-windows-x86_64 0.6.2 50.00 193.00 243.00 OK
r-patched-linux-x86_64 0.6.2 OK
r-release-linux-x86_64 0.6.2 7.55 164.32 171.87 OK
r-release-macos-arm64 0.6.2 62.00 NOTE
r-release-macos-x86_64 0.6.2 84.00 NOTE
r-release-windows-x86_64 0.6.2 43.00 204.00 247.00 OK
r-oldrel-macos-arm64 0.6.2 51.00 NOTE
r-oldrel-macos-x86_64 0.6.2 86.00 NOTE
r-oldrel-windows-ix86+x86_64 0.6.2 22.00 185.00 207.00 OK

Check Details

Version: 0.6.2
Check: data for non-ASCII characters
Result: NOTE
     Note: found 13062 marked UTF-8 strings
Flavors: r-devel-linux-x86_64-fedora-clang, r-devel-linux-x86_64-fedora-gcc, r-release-macos-arm64, r-release-macos-x86_64, r-oldrel-macos-arm64, r-oldrel-macos-x86_64