CRAN Package Check Results for Package mapStats

Last updated on 2021-05-05 23:48:41 CEST.

Flavor Version Tinstall Tcheck Ttotal Status Flags
r-devel-linux-x86_64-debian-clang 2.4 13.24 117.35 130.59 NOTE
r-devel-linux-x86_64-debian-gcc 2.4 9.55 87.03 96.58 NOTE
r-devel-linux-x86_64-fedora-clang 2.4 176.14 NOTE
r-devel-linux-x86_64-fedora-gcc 2.4 162.22 NOTE
r-devel-windows-ix86+x86_64 2.4 41.00 178.00 219.00 NOTE
r-devel-windows-x86_64-gcc10-UCRT 2.4 NOTE
r-patched-linux-x86_64 2.4 15.47 109.17 124.64 NOTE
r-patched-solaris-x86 2.4 227.30 NOTE
r-release-linux-x86_64 2.4 11.99 105.98 117.97 NOTE
r-release-macos-x86_64 2.4 NOTE
r-release-windows-ix86+x86_64 2.4 27.00 124.00 151.00 NOTE
r-oldrel-macos-x86_64 2.4 NOTE
r-oldrel-windows-ix86+x86_64 2.4 38.00 127.00 165.00 NOTE

Check Details

Version: 2.4
Check: R code for possible problems
Result: NOTE
    calcStats: no visible global function definition for 'as.formula'
    calcStats: no visible global function definition for 'na.omit'
    Undefined global functions or variables:
     as.formula na.omit
    Consider adding
     importFrom("stats", "as.formula", "na.omit")
    to your NAMESPACE file.
Flavors: r-devel-linux-x86_64-debian-clang, r-devel-linux-x86_64-debian-gcc, r-devel-linux-x86_64-fedora-clang, r-devel-linux-x86_64-fedora-gcc, r-devel-windows-ix86+x86_64, r-devel-windows-x86_64-gcc10-UCRT, r-patched-linux-x86_64, r-patched-solaris-x86, r-release-linux-x86_64, r-release-macos-x86_64, r-release-windows-ix86+x86_64, r-oldrel-macos-x86_64, r-oldrel-windows-ix86+x86_64