CRAN Package Check Results for Package mapchina

Last updated on 2021-03-01 08:48:05 CET.

Flavor Version Tinstall Tcheck Ttotal Status Flags
r-devel-linux-x86_64-debian-clang 0.1.0 OK
r-devel-linux-x86_64-debian-gcc 0.1.0 4.22 38.87 43.09 OK
r-devel-linux-x86_64-fedora-clang 0.1.0 77.58 NOTE
r-devel-linux-x86_64-fedora-gcc 0.1.0 66.92 NOTE
r-devel-windows-ix86+x86_64 0.1.0 10.00 49.00 59.00 OK
r-patched-linux-x86_64 0.1.0 4.85 48.56 53.41 OK
r-patched-solaris-x86 0.1.0 99.10 NOTE
r-release-linux-x86_64 0.1.0 4.42 48.36 52.78 OK
r-release-macos-x86_64 0.1.0 NOTE
r-release-windows-ix86+x86_64 0.1.0 16.00 66.00 82.00 OK
r-oldrel-macos-x86_64 0.1.0 NOTE
r-oldrel-windows-ix86+x86_64 0.1.0 9.00 61.00 70.00 OK

Check Details

Version: 0.1.0
Check: data for non-ASCII characters
Result: NOTE
     Note: found 11396 marked UTF-8 strings
Flavors: r-devel-linux-x86_64-fedora-clang, r-devel-linux-x86_64-fedora-gcc, r-patched-solaris-x86, r-release-macos-x86_64, r-oldrel-macos-x86_64