CRAN Package Check Results for Package mapdata

Last updated on 2021-06-24 17:51:04 CEST.

Flavor Version Tinstall Tcheck Ttotal Status Flags
r-devel-linux-x86_64-debian-clang 2.3.0 14.81 24.21 39.02 OK
r-devel-linux-x86_64-debian-gcc 2.3.0 11.79 19.39 31.18 OK
r-devel-linux-x86_64-fedora-clang 2.3.0 58.97 NOTE
r-devel-linux-x86_64-fedora-gcc 2.3.0 48.69 OK
r-devel-windows-x86_64 2.3.0 71.00 30.00 101.00 NOTE
r-devel-windows-x86_64-gcc10-UCRT 2.3.0 OK
r-patched-linux-x86_64 2.3.0 14.71 24.14 38.85 OK
r-patched-solaris-x86 2.3.0 74.80 NOTE
r-release-linux-x86_64 2.3.0 14.03 23.95 37.98 OK
r-release-macos-arm64 2.3.0 NOTE
r-release-macos-x86_64 2.3.0 NOTE
r-release-windows-ix86+x86_64 2.3.0 71.00 38.00 109.00 NOTE
r-oldrel-macos-x86_64 2.3.0 NOTE

Check Details

Version: 2.3.0
Check: installed package size
Result: NOTE
     installed size is 33.5Mb
     sub-directories of 1Mb or more:
     mapdata 33.4Mb
Flavors: r-devel-linux-x86_64-fedora-clang, r-devel-windows-x86_64, r-patched-solaris-x86, r-release-macos-arm64, r-release-macos-x86_64, r-release-windows-ix86+x86_64, r-oldrel-macos-x86_64