Last updated on 2023-09-28 19:59:45 CEST.
Flavor | Version | Tinstall | Tcheck | Ttotal | Status | Flags |
---|---|---|---|---|---|---|
r-devel-linux-x86_64-debian-clang | 0.3.4 | 282.17 | 68.32 | 350.49 | NOTE | |
r-devel-linux-x86_64-debian-gcc | 0.3.4 | 264.75 | 51.53 | 316.28 | NOTE | |
r-devel-linux-x86_64-fedora-clang | 0.3.4 | 487.20 | NOTE | |||
r-devel-linux-x86_64-fedora-gcc | 0.3.4 | 619.72 | NOTE | |||
r-devel-windows-x86_64 | 0.3.4 | 231.00 | 117.00 | 348.00 | NOTE | |
r-patched-linux-x86_64 | 0.3.4 | 242.78 | 64.09 | 306.87 | NOTE | |
r-release-linux-x86_64 | 0.3.4 | 247.66 | 65.13 | 312.79 | NOTE | |
r-release-macos-arm64 | 0.3.4 | 162.00 | NOTE | |||
r-release-macos-x86_64 | 0.3.4 | 229.00 | NOTE | |||
r-release-windows-x86_64 | 0.3.4 | 312.00 | 129.00 | 441.00 | NOTE | |
r-oldrel-macos-arm64 | 0.3.4 | 123.00 | NOTE | |||
r-oldrel-macos-x86_64 | 0.3.4 | 205.00 | NOTE | |||
r-oldrel-windows-x86_64 | 0.3.4 | 286.00 | 116.00 | 402.00 | NOTE |
Version: 0.3.4
Check: C++ specification
Result: NOTE
Specified C++11: please drop specification unless essential
Flavors: r-devel-linux-x86_64-debian-clang, r-devel-linux-x86_64-debian-gcc, r-devel-linux-x86_64-fedora-clang, r-devel-linux-x86_64-fedora-gcc, r-devel-windows-x86_64, r-patched-linux-x86_64, r-release-linux-x86_64, r-release-macos-arm64, r-release-macos-x86_64, r-release-windows-x86_64
Version: 0.3.4
Check: installed package size
Result: NOTE
installed size is 8.1Mb
sub-directories of 1Mb or more:
data 1.2Mb
doc 1.6Mb
htmlwidgets 2.3Mb
libs 2.6Mb
Flavors: r-devel-linux-x86_64-fedora-clang, r-devel-windows-x86_64, r-release-macos-arm64, r-release-macos-x86_64, r-release-windows-x86_64, r-oldrel-macos-arm64, r-oldrel-macos-x86_64, r-oldrel-windows-x86_64