Last updated on 2023-01-30 11:52:53 CET.
Flavor | Version | Tinstall | Tcheck | Ttotal | Status | Flags |
---|---|---|---|---|---|---|
r-devel-linux-x86_64-debian-clang | 1.0.0 | 108.53 | 107.82 | 216.35 | OK | |
r-devel-linux-x86_64-debian-gcc | 1.0.0 | 89.73 | 84.17 | 173.90 | OK | |
r-devel-linux-x86_64-fedora-clang | 1.0.0 | 301.58 | OK | |||
r-devel-linux-x86_64-fedora-gcc | 1.0.0 | 289.31 | OK | |||
r-devel-windows-x86_64 | 1.0.0 | 134.00 | 173.00 | 307.00 | OK | |
r-patched-linux-x86_64 | 1.0.0 | 93.64 | 100.51 | 194.15 | OK | |
r-release-linux-x86_64 | 1.0.0 | 101.51 | 101.71 | 203.22 | OK | |
r-release-macos-arm64 | 1.0.0 | 81.00 | NOTE | |||
r-release-macos-x86_64 | 1.0.0 | 99.00 | NOTE | |||
r-release-windows-x86_64 | 1.0.0 | 120.00 | 168.00 | 288.00 | OK | |
r-oldrel-macos-arm64 | 1.0.0 | 80.00 | NOTE | |||
r-oldrel-macos-x86_64 | 1.0.0 | 96.00 | NOTE | |||
r-oldrel-windows-ix86+x86_64 | 1.0.0 | 241.00 | 201.00 | 442.00 | OK |
Version: 1.0.0
Check: installed package size
Result: NOTE
installed size is 5.8Mb
sub-directories of 1Mb or more:
libs 5.2Mb
Flavors: r-release-macos-arm64, r-release-macos-x86_64, r-oldrel-macos-arm64, r-oldrel-macos-x86_64