CRAN Package Check Results for Package mapproj

Last updated on 2022-10-07 06:53:14 CEST.

Flavor Version Tinstall Tcheck Ttotal Status Flags
r-devel-linux-x86_64-debian-clang 1.2.8 9.62 24.04 33.66 NOTE
r-devel-linux-x86_64-debian-gcc 1.2.8 6.84 18.59 25.43 WARN
r-devel-linux-x86_64-fedora-clang 1.2.8 50.43 WARN
r-devel-linux-x86_64-fedora-gcc 1.2.8 52.21 WARN
r-devel-windows-x86_64 1.2.8 38.00 52.00 90.00 NOTE
r-patched-linux-x86_64 1.2.8 8.03 22.64 30.67 OK
r-release-linux-x86_64 1.2.8 7.96 22.81 30.77 OK
r-release-macos-arm64 1.2.8 19.00 OK
r-release-macos-x86_64 1.2.8 27.00 OK
r-release-windows-x86_64 1.2.8 39.00 51.00 90.00 OK
r-oldrel-macos-arm64 1.2.8 27.00 OK
r-oldrel-macos-x86_64 1.2.8 39.00 OK
r-oldrel-windows-ix86+x86_64 1.2.8 43.00 53.00 96.00 OK

Check Details

Version: 1.2.8
Check: Rd files
Result: NOTE
    checkRd: (-1) mapproject.Rd:203: Escaped LaTeX specials: \_
    checkRd: (-1) mapproject.Rd:204: Escaped LaTeX specials: \_
    checkRd: (-1) mapproject.Rd:210: Escaped LaTeX specials: \&
Flavors: r-devel-linux-x86_64-debian-clang, r-devel-linux-x86_64-debian-gcc, r-devel-linux-x86_64-fedora-clang, r-devel-linux-x86_64-fedora-gcc, r-devel-windows-x86_64

Version: 1.2.8
Check: whether package can be installed
Result: WARN
    Found the following significant warnings:
     mapproject.c:16:1: warning: function declaration isn’t a prototype [-Wstrict-prototypes]
     mapproject.c:20:9: warning: function declaration isn’t a prototype [-Wstrict-prototypes]
     mapproject.c:67:6: warning: function declaration isn’t a prototype [-Wstrict-prototypes]
     mapproject.c:111:12: warning: function declaration isn’t a prototype [-Wstrict-prototypes]
     mapproject.c:130:6: warning: function declaration isn’t a prototype [-Wstrict-prototypes]
Flavors: r-devel-linux-x86_64-debian-gcc, r-devel-linux-x86_64-fedora-gcc

Version: 1.2.8
Check: compilation flags used
Result: NOTE
    Compilation used the following non-portable flag(s):
     ‘-Wstrict-prototypes’
Flavor: r-devel-linux-x86_64-debian-gcc

Version: 1.2.8
Check: whether package can be installed
Result: WARN
    Found the following significant warnings:
     eisenlohr.c:19:10: warning: a function declaration without a prototype is deprecated in all versions of C [-Wstrict-prototypes]
     mapproject.c:16:22: warning: a function declaration without a prototype is deprecated in all versions of C [-Wstrict-prototypes]
     mapproject.c:20:14: warning: a function declaration without a prototype is deprecated in all versions of C [-Wstrict-prototypes]
Flavor: r-devel-linux-x86_64-fedora-clang