CRAN Package Check Results for Package mapsFinland

Last updated on 2021-09-23 19:51:52 CEST.

Flavor Version Tinstall Tcheck Ttotal Status Flags
r-devel-linux-x86_64-debian-clang 0.1.1 3.62 22.14 25.76 OK
r-devel-linux-x86_64-debian-gcc 0.1.1 3.03 17.89 20.92 OK
r-devel-linux-x86_64-fedora-clang 0.1.1 41.22 NOTE
r-devel-linux-x86_64-fedora-gcc 0.1.1 30.74 NOTE
r-devel-windows-x86_64 0.1.1 6.00 28.00 34.00 OK
r-devel-windows-x86_64-gcc10-UCRT 0.1.1 NOTE
r-patched-linux-x86_64 0.1.1 3.53 21.90 25.43 OK
r-patched-solaris-x86 0.1.1 46.70 NOTE
r-release-linux-x86_64 0.1.1 3.69 22.26 25.95 OK
r-release-macos-arm64 0.1.1 NOTE
r-release-macos-x86_64 0.1.1 NOTE
r-release-windows-ix86+x86_64 0.1.1 8.00 30.00 38.00 OK
r-oldrel-macos-x86_64 0.1.1 NOTE
r-oldrel-windows-ix86+x86_64 0.1.1 17.00 29.00 46.00 OK

Check Details

Version: 0.1.1
Check: data for non-ASCII characters
Result: NOTE
     Note: found 996 marked UTF-8 strings
Flavors: r-devel-linux-x86_64-fedora-clang, r-devel-linux-x86_64-fedora-gcc, r-devel-windows-x86_64-gcc10-UCRT, r-patched-solaris-x86, r-release-macos-arm64, r-release-macos-x86_64, r-oldrel-macos-x86_64