CRAN Package Check Results for Package mapsapi

Last updated on 2021-04-13 05:49:25 CEST.

Flavor Version Tinstall Tcheck Ttotal Status Flags
r-devel-linux-x86_64-debian-clang 0.4.8 5.79 86.52 92.31 OK
r-devel-linux-x86_64-debian-gcc 0.4.8 5.33 64.50 69.83 OK
r-devel-linux-x86_64-fedora-clang 0.4.8 120.39 NOTE
r-devel-linux-x86_64-fedora-gcc 0.4.8 108.14 NOTE
r-devel-windows-ix86+x86_64 0.4.8 17.00 93.00 110.00 OK
r-devel-windows-x86_64-gcc10-UCRT 0.4.8 NOTE
r-patched-linux-x86_64 0.4.8 4.84 88.26 93.10 OK
r-patched-solaris-x86 0.4.8 150.80 WARN
r-release-linux-x86_64 0.4.8 6.03 86.75 92.78 OK
r-release-macos-x86_64 0.4.8 WARN
r-release-windows-ix86+x86_64 0.4.8 13.00 122.00 135.00 OK
r-oldrel-macos-x86_64 0.4.8 WARN
r-oldrel-windows-ix86+x86_64 0.4.8 14.00 83.00 97.00 OK

Check Details

Version: 0.4.8
Check: data for non-ASCII characters
Result: NOTE
     Note: found 55 marked UTF-8 strings
Flavors: r-devel-linux-x86_64-fedora-clang, r-devel-linux-x86_64-fedora-gcc, r-devel-windows-x86_64-gcc10-UCRT, r-patched-solaris-x86, r-release-macos-x86_64, r-oldrel-macos-x86_64

Version: 0.4.8
Check: re-building of vignette outputs
Result: WARN
    Error(s) in re-building vignettes:
     ...
    --- re-building ‘intro.Rmd’ using rmarkdown
    Warning in engine$weave(file, quiet = quiet, encoding = enc) :
     Pandoc (>= 1.12.3) and/or pandoc-citeproc not available. Falling back to R Markdown v1.
    Quitting from lines 114-119 (intro.Rmd)
    Error: processing vignette 'intro.Rmd' failed with diagnostics:
    there is no package called 'webshot'
    --- failed re-building ‘intro.Rmd’
    
    SUMMARY: processing the following file failed:
     ‘intro.Rmd’
    
    Error: Vignette re-building failed.
    Execution halted
Flavor: r-patched-solaris-x86

Version: 0.4.8
Check: re-building of vignette outputs
Result: WARN
    Error(s) in re-building vignettes:
     ...
    --- re-building ‘intro.Rmd’ using rmarkdown
    Warning in engine$weave(file, quiet = quiet, encoding = enc) :
     Pandoc (>= 1.12.3) and/or pandoc-citeproc not available. Falling back to R Markdown v1.
    Quitting from lines 114-119 (intro.Rmd)
    Error: processing vignette 'intro.Rmd' failed with diagnostics:
    cannot open the connection
    --- failed re-building ‘intro.Rmd’
    
    SUMMARY: processing the following file failed:
     ‘intro.Rmd’
    
    Error: Vignette re-building failed.
    Execution halted
Flavors: r-release-macos-x86_64, r-oldrel-macos-x86_64