CRAN Package Check Results for Package mapscanner

Last updated on 2022-01-21 05:52:14 CET.

Flavor Version Tinstall Tcheck Ttotal Status Flags
r-devel-linux-x86_64-debian-clang 0.0.6 OK
r-devel-linux-x86_64-debian-gcc 0.0.6 31.98 57.92 89.90 OK
r-devel-linux-x86_64-fedora-clang 0.0.6 165.49 NOTE
r-devel-linux-x86_64-fedora-gcc 0.0.6 141.79 OK
r-devel-windows-x86_64-new-UL 0.0.6 79.00 125.00 204.00 OK
r-devel-windows-x86_64-new-TK 0.0.6 OK
r-patched-linux-x86_64 0.0.6 34.37 73.84 108.21 OK
r-release-linux-x86_64 0.0.6 41.23 74.10 115.33 OK
r-release-macos-arm64 0.0.6 NOTE
r-release-macos-x86_64 0.0.6 NOTE
r-release-windows-ix86+x86_64 0.0.6 109.00 133.00 242.00 NOTE
r-oldrel-macos-x86_64 0.0.6 NOTE
r-oldrel-windows-ix86+x86_64 0.0.6 110.00 139.00 249.00 NOTE

Check Details

Version: 0.0.6
Check: installed package size
Result: NOTE
     installed size is 5.2Mb
     sub-directories of 1Mb or more:
     doc 2.8Mb
     libs 1.7Mb
Flavors: r-devel-linux-x86_64-fedora-clang, r-release-macos-arm64, r-release-macos-x86_64, r-release-windows-ix86+x86_64, r-oldrel-macos-x86_64, r-oldrel-windows-ix86+x86_64