CRAN Package Check Results for Package maptools

Last updated on 2021-04-16 00:47:18 CEST.

Flavor Version Tinstall Tcheck Ttotal Status Flags
r-devel-linux-x86_64-debian-clang 1.1-1 18.83 131.69 150.52 OK
r-devel-linux-x86_64-debian-gcc 1.1-1 14.38 99.26 113.64 OK
r-devel-linux-x86_64-fedora-clang 1.1-1 200.70 OK
r-devel-linux-x86_64-fedora-gcc 1.1-1 183.19 OK
r-devel-windows-ix86+x86_64 1.1-1 58.00 4.00 62.00 ERROR
r-devel-windows-x86_64-gcc10-UCRT 1.1-1 OK
r-patched-linux-x86_64 1.1-1 17.32 122.77 140.09 OK
r-patched-solaris-x86 1.1-1 238.10 OK
r-release-linux-x86_64 1.1-1 17.31 122.47 139.78 OK
r-release-macos-x86_64 1.1-1 OK
r-release-windows-ix86+x86_64 1.1-1 47.00 299.00 346.00 OK
r-oldrel-macos-x86_64 1.1-1 OK
r-oldrel-windows-ix86+x86_64 1.1-1 65.00 190.00 255.00 OK

Check Details

Version: 1.1-1
Check: whether package can be installed
Result: ERROR
    Installation failed.
Flavor: r-devel-windows-ix86+x86_64