CRAN Package Check Results for Package maptpx

Last updated on 2020-11-24 16:49:00 CET.

Flavor Version Tinstall Tcheck Ttotal Status Flags
r-devel-linux-x86_64-debian-clang 1.9-7 6.51 28.84 35.35 OK
r-devel-linux-x86_64-debian-gcc 1.9-7 4.28 23.49 27.77 OK
r-devel-linux-x86_64-fedora-clang 1.9-7 47.45 OK
r-devel-linux-x86_64-fedora-gcc 1.9-7 37.09 OK
r-devel-windows-ix86+x86_64 1.9-7 13.00 59.00 72.00 OK
r-patched-linux-x86_64 1.9-7 5.60 28.99 34.59 OK
r-patched-solaris-x86 1.9-7 53.10 OK
r-release-linux-x86_64 1.9-7 4.98 27.53 32.51 OK
r-release-macos-x86_64 1.9-7 OK
r-release-windows-ix86+x86_64 1.9-7 11.00 44.00 55.00 OK
r-oldrel-macos-x86_64 1.9-7 NOTE
r-oldrel-windows-ix86+x86_64 1.9-7 10.00 50.00 60.00 NOTE

Check Details

Version: 1.9-7
Check: R code for possible problems
Result: NOTE
    plot.topics: no visible global function definition for ‘plot’
    Undefined global functions or variables:
     plot
    Consider adding
     importFrom("graphics", "plot")
    to your NAMESPACE file.
Flavors: r-oldrel-macos-x86_64, r-oldrel-windows-ix86+x86_64