CRAN Package Check Results for Package mapview

Last updated on 2019-09-19 02:47:52 CEST.

Flavor Version Tinstall Tcheck Ttotal Status Flags
r-devel-linux-x86_64-debian-clang 2.7.0 32.93 101.71 134.64 OK
r-devel-linux-x86_64-debian-gcc 2.7.0 30.22 80.17 110.39 OK
r-devel-linux-x86_64-fedora-clang 2.7.0 188.73 NOTE
r-devel-linux-x86_64-fedora-gcc 2.7.0 182.38 NOTE
r-devel-windows-ix86+x86_64 2.7.0 100.00 233.00 333.00 OK
r-patched-linux-x86_64 2.7.0 31.79 100.10 131.89 OK
r-patched-solaris-x86 2.7.0 244.70 NOTE
r-release-linux-x86_64 2.7.0 33.90 101.89 135.79 OK
r-release-windows-ix86+x86_64 2.7.0 65.00 162.00 227.00 OK
r-release-osx-x86_64 2.7.0 NOTE
r-oldrel-windows-ix86+x86_64 2.7.0 62.00 153.00 215.00 OK
r-oldrel-osx-x86_64 2.7.0 NOTE

Check Details

Version: 2.7.0
Check: dependencies in R code
Result: NOTE
    Namespaces in Imports field not imported from:
     ‘brew’ ‘svglite’ ‘uuid’
     All declared Imports should be used.
Flavors: r-devel-linux-x86_64-fedora-clang, r-devel-linux-x86_64-fedora-gcc, r-patched-solaris-x86, r-release-osx-x86_64, r-oldrel-osx-x86_64