Last updated on 2023-02-01 09:53:09 CET.
Flavor | Version | Tinstall | Tcheck | Ttotal | Status | Flags |
---|---|---|---|---|---|---|
r-devel-linux-x86_64-debian-clang | 2.11.0 | 40.63 | 369.83 | 410.46 | OK | |
r-devel-linux-x86_64-debian-gcc | 2.11.0 | 34.47 | 272.93 | 307.40 | OK | |
r-devel-linux-x86_64-fedora-clang | 2.11.0 | 497.27 | NOTE | |||
r-devel-linux-x86_64-fedora-gcc | 2.11.0 | 503.22 | NOTE | |||
r-devel-windows-x86_64 | 2.11.0 | 72.00 | 356.00 | 428.00 | OK | |
r-patched-linux-x86_64 | 2.11.0 | 33.86 | 353.82 | 387.68 | OK | |
r-release-linux-x86_64 | 2.11.0 | 27.97 | 355.03 | 383.00 | OK | |
r-release-macos-arm64 | 2.11.0 | 93.00 | NOTE | |||
r-release-macos-x86_64 | 2.11.0 | 153.00 | NOTE | |||
r-release-windows-x86_64 | 2.11.0 | 74.00 | 372.00 | 446.00 | OK | |
r-oldrel-macos-arm64 | 2.11.0 | 82.00 | NOTE | |||
r-oldrel-macos-x86_64 | 2.11.0 | 142.00 | NOTE | |||
r-oldrel-windows-ix86+x86_64 | 2.11.0 | 87.00 | 414.00 | 501.00 | OK |
Version: 2.11.0
Check: data for non-ASCII characters
Result: NOTE
Note: found 1 marked UTF-8 string
Flavors: r-devel-linux-x86_64-fedora-clang, r-devel-linux-x86_64-fedora-gcc, r-release-macos-arm64, r-release-macos-x86_64, r-oldrel-macos-arm64, r-oldrel-macos-x86_64