CRAN Package Check Results for Package mapview

Last updated on 2020-01-23 16:49:27 CET.

Flavor Version Tinstall Tcheck Ttotal Status Flags
r-devel-linux-x86_64-debian-clang 2.7.0 41.17 118.63 159.80 OK
r-devel-linux-x86_64-debian-gcc 2.7.0 29.43 92.07 121.50 OK
r-devel-linux-x86_64-fedora-clang 2.7.0 202.15 NOTE
r-devel-linux-x86_64-fedora-gcc 2.7.0 198.19 NOTE
r-devel-windows-ix86+x86_64 2.7.0 104.00 233.00 337.00 OK
r-devel-windows-ix86+x86_64-gcc8 2.7.0 117.00 181.00 298.00 NOTE
r-patched-linux-x86_64 2.7.0 33.00 103.21 136.21 OK
r-patched-solaris-x86 2.7.0 241.50 NOTE
r-release-linux-x86_64 2.7.0 33.77 103.11 136.88 OK
r-release-windows-ix86+x86_64 2.7.0 66.00 226.00 292.00 OK
r-release-osx-x86_64 2.7.0 NOTE
r-oldrel-windows-ix86+x86_64 2.7.0 54.00 141.00 195.00 OK
r-oldrel-osx-x86_64 2.7.0 NOTE

Additional issues

noSuggests

Check Details

Version: 2.7.0
Check: dependencies in R code
Result: NOTE
    Namespaces in Imports field not imported from:
     ‘brew’ ‘svglite’ ‘uuid’
     All declared Imports should be used.
Flavors: r-devel-linux-x86_64-fedora-clang, r-devel-linux-x86_64-fedora-gcc, r-patched-solaris-x86, r-release-osx-x86_64, r-oldrel-osx-x86_64

Version: 2.7.0
Check: installed package size
Result: NOTE
     installed size is 5.2Mb
     sub-directories of 1Mb or more:
     libs 2.1Mb
Flavor: r-devel-windows-ix86+x86_64-gcc8