CRAN Package Check Results for Package mapview

Last updated on 2019-06-26 13:52:06 CEST.

Flavor Version Tinstall Tcheck Ttotal Status Flags
r-devel-linux-x86_64-debian-clang 2.7.0 38.97 102.13 141.10 OK
r-devel-linux-x86_64-debian-gcc 2.7.0 30.24 80.66 110.90 OK
r-devel-linux-x86_64-fedora-clang 2.7.0 178.42 NOTE
r-devel-linux-x86_64-fedora-gcc 2.7.0 174.71 NOTE
r-devel-windows-ix86+x86_64 2.7.0 104.00 218.00 322.00 OK
r-patched-linux-x86_64 2.7.0 37.97 102.10 140.07 OK
r-patched-solaris-x86 2.7.0 241.50 NOTE
r-release-linux-x86_64 2.7.0 34.56 103.46 138.02 OK
r-release-windows-ix86+x86_64 2.7.0 72.00 236.00 308.00 OK
r-release-osx-x86_64 2.7.0 NOTE
r-oldrel-windows-ix86+x86_64 2.7.0 54.00 157.00 211.00 OK
r-oldrel-osx-x86_64 2.7.0 NOTE

Check Details

Version: 2.7.0
Check: dependencies in R code
Result: NOTE
    Namespaces in Imports field not imported from:
     ‘brew’ ‘svglite’ ‘uuid’
     All declared Imports should be used.
Flavors: r-devel-linux-x86_64-fedora-clang, r-devel-linux-x86_64-fedora-gcc, r-patched-solaris-x86, r-release-osx-x86_64, r-oldrel-osx-x86_64