CRAN Package Check Results for Package mapview

Last updated on 2022-06-27 09:50:18 CEST.

Flavor Version Tinstall Tcheck Ttotal Status Flags
r-devel-linux-x86_64-debian-clang 2.11.0 36.40 353.10 389.50 OK
r-devel-linux-x86_64-debian-gcc 2.11.0 33.41 263.11 296.52 OK
r-devel-linux-x86_64-fedora-clang 2.11.0 460.21 NOTE
r-devel-linux-x86_64-fedora-gcc 2.11.0 468.75 NOTE
r-devel-windows-x86_64 2.11.0 60.00 339.00 399.00 OK
r-patched-linux-x86_64 2.11.0 38.38 343.52 381.90 OK
r-release-linux-x86_64 2.11.0 35.80 341.34 377.14 OK
r-release-macos-arm64 2.11.0 93.00 NOTE
r-release-macos-x86_64 2.11.0 153.00 NOTE
r-release-windows-x86_64 2.11.0 65.00 330.00 395.00 OK
r-oldrel-macos-arm64 2.11.0 82.00 NOTE
r-oldrel-macos-x86_64 2.11.0 142.00 NOTE
r-oldrel-windows-ix86+x86_64 2.11.0 84.00 353.00 437.00 OK

Check Details

Version: 2.11.0
Check: data for non-ASCII characters
Result: NOTE
     Note: found 1 marked UTF-8 string
Flavors: r-devel-linux-x86_64-fedora-clang, r-devel-linux-x86_64-fedora-gcc, r-release-macos-arm64, r-release-macos-x86_64, r-oldrel-macos-arm64, r-oldrel-macos-x86_64