Last updated on 2023-01-30 11:52:53 CET.
Flavor | Version | Tinstall | Tcheck | Ttotal | Status | Flags |
---|---|---|---|---|---|---|
r-devel-linux-x86_64-debian-clang | 0.4.0 | 5.80 | 101.15 | 106.95 | OK | |
r-devel-linux-x86_64-debian-gcc | 0.4.0 | 5.30 | 74.27 | 79.57 | OK | |
r-devel-linux-x86_64-fedora-clang | 0.4.0 | 128.90 | OK | |||
r-devel-linux-x86_64-fedora-gcc | 0.4.0 | 137.88 | OK | |||
r-devel-windows-x86_64 | 0.4.0 | 23.00 | 138.00 | 161.00 | WARN | |
r-patched-linux-x86_64 | 0.4.0 | 5.76 | 97.24 | 103.00 | OK | |
r-release-linux-x86_64 | 0.4.0 | 6.69 | 96.22 | 102.91 | OK | |
r-release-macos-arm64 | 0.4.0 | 43.00 | OK | |||
r-release-macos-x86_64 | 0.4.0 | 64.00 | OK | |||
r-release-windows-x86_64 | 0.4.0 | 15.00 | 157.00 | 172.00 | OK | |
r-oldrel-macos-arm64 | 0.4.0 | 45.00 | OK | |||
r-oldrel-macos-x86_64 | 0.4.0 | 58.00 | OK | |||
r-oldrel-windows-ix86+x86_64 | 0.4.0 | 18.00 | 129.00 | 147.00 | OK |
Version: 0.4.0
Check: for code/documentation mismatches
Result: WARN
Mingw-w64 runtime failure:
VirtualProtect failed with code 0x5af
Flavor: r-devel-windows-x86_64