Last updated on 2022-07-07 06:49:57 CEST.
Flavor | Version | Tinstall | Tcheck | Ttotal | Status | Flags |
---|---|---|---|---|---|---|
r-devel-linux-x86_64-debian-clang | 0.1.3 | 27.37 | 177.23 | 204.60 | OK | |
r-devel-linux-x86_64-debian-gcc | 0.1.3 | 24.95 | 131.52 | 156.47 | OK | |
r-devel-linux-x86_64-fedora-clang | 0.1.3 | 252.92 | NOTE | |||
r-devel-linux-x86_64-fedora-gcc | 0.1.3 | 249.21 | NOTE | |||
r-devel-windows-x86_64 | 0.1.3 | 57.00 | 187.00 | 244.00 | NOTE | |
r-patched-linux-x86_64 | 0.1.3 | 26.97 | 168.40 | 195.37 | OK | |
r-release-linux-x86_64 | 0.1.3 | 23.38 | 168.20 | 191.58 | OK | |
r-release-macos-arm64 | 0.1.3 | 63.00 | NOTE | |||
r-release-macos-x86_64 | 0.1.3 | 97.00 | NOTE | |||
r-release-windows-x86_64 | 0.1.3 | 64.00 | 192.00 | 256.00 | NOTE | |
r-oldrel-macos-arm64 | 0.1.3 | 64.00 | NOTE | |||
r-oldrel-macos-x86_64 | 0.1.3 | 92.00 | NOTE | |||
r-oldrel-windows-ix86+x86_64 | 0.1.3 | 59.00 | 185.00 | 244.00 | NOTE |
Version: 0.1.3
Check: installed package size
Result: NOTE
installed size is 5.2Mb
sub-directories of 1Mb or more:
data 5.0Mb
Flavors: r-devel-linux-x86_64-fedora-clang, r-devel-windows-x86_64, r-release-macos-arm64, r-release-macos-x86_64, r-release-windows-x86_64, r-oldrel-macos-arm64, r-oldrel-macos-x86_64, r-oldrel-windows-ix86+x86_64
Version: 0.1.3
Check: data for non-ASCII characters
Result: NOTE
Note: found 521 marked UTF-8 strings
Flavors: r-devel-linux-x86_64-fedora-clang, r-devel-linux-x86_64-fedora-gcc, r-release-macos-arm64, r-release-macos-x86_64, r-oldrel-macos-arm64, r-oldrel-macos-x86_64