Last updated on 2023-09-29 05:06:08 CEST.
Flavor | Version | Tinstall | Tcheck | Ttotal | Status | Flags |
---|---|---|---|---|---|---|
r-devel-linux-x86_64-debian-clang | 2021.2-4 | 2.21 | 32.52 | 34.73 | NOTE | |
r-devel-linux-x86_64-debian-gcc | 2021.2-4 | 1.61 | 25.19 | 26.80 | NOTE | |
r-devel-linux-x86_64-fedora-clang | 2021.2-4 | 42.74 | NOTE | |||
r-devel-linux-x86_64-fedora-gcc | 2021.2-4 | 44.09 | NOTE | |||
r-devel-windows-x86_64 | 2021.2-4 | 3.00 | 46.00 | 49.00 | NOTE | |
r-patched-linux-x86_64 | 2021.2-4 | 2.36 | 32.73 | 35.09 | NOTE | |
r-release-linux-x86_64 | 2021.2-4 | 1.73 | 33.15 | 34.88 | NOTE | |
r-release-macos-arm64 | 2021.2-4 | 21.00 | NOTE | |||
r-release-macos-x86_64 | 2021.2-4 | 28.00 | NOTE | |||
r-release-windows-x86_64 | 2021.2-4 | 4.00 | 53.00 | 57.00 | NOTE | |
r-oldrel-macos-arm64 | 2021.2-4 | 21.00 | NOTE | |||
r-oldrel-macos-x86_64 | 2021.2-4 | 26.00 | NOTE | |||
r-oldrel-windows-x86_64 | 2021.2-4 | 4.00 | 57.00 | 61.00 | NOTE |
Version: 2021.2-4
Check: Rd contents
Result: NOTE
Argument items with no description in Rd object 'bias.factor':
‘RRud’ ‘RReu’ ‘rr’ ‘s2’
Flavors: r-devel-linux-x86_64-debian-clang, r-devel-linux-x86_64-debian-gcc, r-devel-linux-x86_64-fedora-clang, r-devel-linux-x86_64-fedora-gcc, r-devel-windows-x86_64
Version: 2021.2-4
Check: LazyData
Result: NOTE
'LazyData' is specified without a 'data' directory
Flavors: r-devel-linux-x86_64-debian-clang, r-devel-linux-x86_64-debian-gcc, r-devel-linux-x86_64-fedora-clang, r-devel-linux-x86_64-fedora-gcc, r-devel-windows-x86_64, r-patched-linux-x86_64, r-release-linux-x86_64, r-release-macos-arm64, r-release-macos-x86_64, r-release-windows-x86_64, r-oldrel-macos-arm64, r-oldrel-macos-x86_64, r-oldrel-windows-x86_64