CRAN Package Check Results for Package marginalizedRisk

Last updated on 2021-09-23 19:51:52 CEST.

Flavor Version Tinstall Tcheck Ttotal Status Flags
r-devel-linux-x86_64-debian-clang 2021.2-4 1.93 32.55 34.48 NOTE
r-devel-linux-x86_64-debian-gcc 2021.2-4 1.53 25.60 27.13 NOTE
r-devel-linux-x86_64-fedora-clang 2021.2-4 50.84 NOTE
r-devel-linux-x86_64-fedora-gcc 2021.2-4 40.75 NOTE
r-devel-windows-x86_64 2021.2-4 3.00 35.00 38.00 NOTE
r-devel-windows-x86_64-gcc10-UCRT 2021.2-4 NOTE
r-patched-linux-x86_64 2021.2-4 1.92 31.85 33.77 NOTE
r-patched-solaris-x86 2021.2-4 60.90 NOTE
r-release-linux-x86_64 2021.2-4 1.62 32.25 33.87 NOTE
r-release-macos-arm64 2021.2-4 NOTE
r-release-macos-x86_64 2021.2-4 NOTE
r-release-windows-ix86+x86_64 2021.2-4 5.00 36.00 41.00 NOTE
r-oldrel-macos-x86_64 2021.2-4 OK
r-oldrel-windows-ix86+x86_64 2021.2-4 4.00 39.00 43.00 OK

Check Details

Version: 2021.2-4
Check: LazyData
Result: NOTE
     'LazyData' is specified without a 'data' directory
Flavors: r-devel-linux-x86_64-debian-clang, r-devel-linux-x86_64-debian-gcc, r-devel-linux-x86_64-fedora-clang, r-devel-linux-x86_64-fedora-gcc, r-devel-windows-x86_64, r-devel-windows-x86_64-gcc10-UCRT, r-patched-linux-x86_64, r-patched-solaris-x86, r-release-linux-x86_64, r-release-macos-arm64, r-release-macos-x86_64, r-release-windows-ix86+x86_64