CRAN Package Check Results for Package marginalizedRisk

Last updated on 2022-10-02 13:50:46 CEST.

Flavor Version Tinstall Tcheck Ttotal Status Flags
r-devel-linux-x86_64-debian-clang 2021.2-4 1.60 35.16 36.76 NOTE
r-devel-linux-x86_64-debian-gcc 2021.2-4 1.67 27.11 28.78 NOTE
r-devel-linux-x86_64-fedora-clang 2021.2-4 58.25 NOTE
r-devel-linux-x86_64-fedora-gcc 2021.2-4 54.26 NOTE
r-devel-windows-x86_64 2021.2-4 35.00 69.00 104.00 NOTE
r-patched-linux-x86_64 2021.2-4 1.83 32.84 34.67 NOTE
r-release-linux-x86_64 2021.2-4 2.06 32.76 34.82 NOTE
r-release-macos-arm64 2021.2-4 21.00 NOTE
r-release-macos-x86_64 2021.2-4 26.00 NOTE
r-release-windows-x86_64 2021.2-4 20.00 64.00 84.00 NOTE
r-oldrel-macos-arm64 2021.2-4 22.00 NOTE
r-oldrel-macos-x86_64 2021.2-4 35.00 NOTE
r-oldrel-windows-ix86+x86_64 2021.2-4 6.00 60.00 66.00 NOTE

Check Details

Version: 2021.2-4
Check: LazyData
Result: NOTE
     'LazyData' is specified without a 'data' directory
Flavors: r-devel-linux-x86_64-debian-clang, r-devel-linux-x86_64-debian-gcc, r-devel-linux-x86_64-fedora-clang, r-devel-linux-x86_64-fedora-gcc, r-devel-windows-x86_64, r-patched-linux-x86_64, r-release-linux-x86_64, r-release-macos-arm64, r-release-macos-x86_64, r-release-windows-x86_64, r-oldrel-macos-arm64, r-oldrel-macos-x86_64, r-oldrel-windows-ix86+x86_64