CRAN Package Check Results for Package marima

Last updated on 2024-06-22 06:50:51 CEST.

Flavor Version Tinstall Tcheck Ttotal Status Flags
r-devel-linux-x86_64-debian-clang 2.2 3.44 54.46 57.90 NOTE
r-devel-linux-x86_64-debian-gcc 2.2 3.48 40.36 43.84 NOTE
r-devel-linux-x86_64-fedora-clang 2.2 74.14 NOTE
r-devel-linux-x86_64-fedora-gcc 2.2 67.81 NOTE
r-devel-windows-x86_64 2.2 4.00 58.00 62.00 NOTE
r-patched-linux-x86_64 2.2 3.77 51.84 55.61 NOTE
r-release-linux-x86_64 2.2 4.49 52.32 56.81 NOTE
r-release-macos-arm64 2.2 22.00 NOTE
r-release-macos-x86_64 2.2 33.00 NOTE
r-release-windows-x86_64 2.2 5.00 57.00 62.00 NOTE
r-oldrel-macos-arm64 2.2 23.00 NOTE
r-oldrel-macos-x86_64 2.2 39.00 NOTE
r-oldrel-windows-x86_64 2.2 5.00 66.00 71.00 NOTE

Check Details

Version: 2.2
Check: Rd files
Result: NOTE checkRd: (-1) marima.Rd:28: Lost braces; missing escapes or markup? 28 | ( if(is.ts(DATA)) { DATA <- as.matrix(data.frame(DATA)) } and a message | ^ checkRd: (-1) marima.Rd:223: Escaped LaTeX specials: \& Flavors: r-devel-linux-x86_64-debian-clang, r-devel-linux-x86_64-debian-gcc, r-devel-linux-x86_64-fedora-clang, r-devel-linux-x86_64-fedora-gcc, r-devel-windows-x86_64, r-patched-linux-x86_64, r-release-linux-x86_64, r-release-macos-arm64, r-release-macos-x86_64, r-release-windows-x86_64

Version: 2.2
Check: Rd files
Result: NOTE checkRd: (-1) marima.Rd:223: Escaped LaTeX specials: \& Flavors: r-oldrel-macos-arm64, r-oldrel-macos-x86_64, r-oldrel-windows-x86_64