Last updated on 2023-05-29 18:56:34 CEST.
Flavor | Version | Tinstall | Tcheck | Ttotal | Status | Flags |
---|---|---|---|---|---|---|
r-devel-linux-x86_64-debian-clang | 2.2 | 3.86 | 52.58 | 56.44 | NOTE | |
r-devel-linux-x86_64-debian-gcc | 2.2 | 3.05 | 40.16 | 43.21 | NOTE | |
r-devel-linux-x86_64-fedora-clang | 2.2 | 69.90 | NOTE | |||
r-devel-linux-x86_64-fedora-gcc | 2.2 | 67.27 | NOTE | |||
r-devel-windows-x86_64 | 2.2 | 5.00 | 59.00 | 64.00 | NOTE | |
r-patched-linux-x86_64 | 2.2 | 5.00 | 50.32 | 55.32 | NOTE | |
r-release-linux-x86_64 | 2.2 | 3.85 | 49.65 | 53.50 | NOTE | |
r-release-macos-arm64 | 2.2 | 23.00 | NOTE | |||
r-release-macos-x86_64 | 2.2 | 39.00 | NOTE | |||
r-release-windows-x86_64 | 2.2 | 4.00 | 72.00 | 76.00 | NOTE | |
r-oldrel-macos-arm64 | 2.2 | 24.00 | OK | |||
r-oldrel-macos-x86_64 | 2.2 | 33.00 | OK | |||
r-oldrel-windows-x86_64 | 2.2 | 10.00 | 74.00 | 84.00 | OK |
Version: 2.2
Check: Rd files
Result: NOTE
checkRd: (-1) marima.Rd:223: Escaped LaTeX specials: \&
Flavors: r-devel-linux-x86_64-debian-clang, r-devel-linux-x86_64-debian-gcc, r-devel-linux-x86_64-fedora-clang, r-devel-linux-x86_64-fedora-gcc, r-devel-windows-x86_64, r-patched-linux-x86_64, r-release-linux-x86_64, r-release-macos-arm64, r-release-macos-x86_64, r-release-windows-x86_64