CRAN Package Check Results for Package marindicators

Last updated on 2020-04-02 05:48:52 CEST.

Flavor Version Tinstall Tcheck Ttotal Status Flags
r-devel-linux-x86_64-debian-clang 1.0.0 4.22 62.90 67.12 OK
r-devel-linux-x86_64-debian-gcc 1.0.0 3.84 48.26 52.10 OK
r-devel-linux-x86_64-fedora-clang 1.0.0 79.94 OK
r-devel-linux-x86_64-fedora-gcc 1.0.0 79.05 OK
r-devel-windows-ix86+x86_64 1.0.0 10.00 75.00 85.00 OK
r-devel-windows-ix86+x86_64-gcc8 1.0.0 8.00 67.00 75.00 OK
r-patched-linux-x86_64 1.0.0 4.27 60.06 64.33 OK
r-patched-solaris-x86 1.0.0 111.30 OK
r-release-linux-x86_64 1.0.0 3.70 56.14 59.84 OK
r-release-windows-ix86+x86_64 1.0.0 7.00 74.00 81.00 OK
r-release-osx-x86_64 1.0.0 OK
r-oldrel-osx-x86_64 1.0.0 ERROR

Check Details

Version: 1.0.0
Check: whether package can be installed
Result: ERROR
    Installation failed.
Flavor: r-oldrel-osx-x86_64