CRAN Package Check Results for Package marinespeed

Last updated on 2018-08-20 18:47:42 CEST.

Flavor Version Tinstall Tcheck Ttotal Status Flags
r-devel-linux-x86_64-debian-clang 0.1.0 2.19 47.04 49.23 OK
r-devel-linux-x86_64-debian-gcc 0.1.0 1.90 33.65 35.55 ERROR
r-devel-linux-x86_64-fedora-clang 0.1.0 57.18 OK
r-devel-linux-x86_64-fedora-gcc 0.1.0 55.79 OK
r-devel-windows-ix86+x86_64 0.1.0 6.00 87.00 93.00 OK
r-patched-linux-x86_64 0.1.0 1.75 37.39 39.14 ERROR
r-patched-solaris-x86 0.1.0 85.00 OK
r-release-linux-x86_64 0.1.0 1.74 41.81 43.55 OK
r-release-windows-ix86+x86_64 0.1.0 6.00 59.00 65.00 OK
r-release-osx-x86_64 0.1.0 OK
r-oldrel-windows-ix86+x86_64 0.1.0 4.00 111.00 115.00 OK
r-oldrel-osx-x86_64 0.1.0 OK

Check Details

Version: 0.1.0
Check: examples
Result: ERROR
    Running examples in ‘marinespeed-Ex.R’ failed
    The error most likely occurred in:
    
    > base::assign(".ptime", proc.time(), pos = "CheckExEnv")
    > ### Name: list_species
    > ### Title: List species
    > ### Aliases: list_species
    >
    > ### ** Examples
    >
    > species <- list_species()
    Warning in get_datadir() :
     file.path(tempdir(), "marinespeed") will be used as datadir, set options(marinespeed_datadir="<directory>") to avoid re-downloading the data in every session
    trying URL 'http://marinespeed.samuelbosch.com/v1/species.csv.gz'
    Warning in utils::download.file(paste0(root, filename), outfile, mode = "wb") :
     URL 'http://marinespeed.samuelbosch.com/v1/species.csv.gz': status was 'Couldn't connect to server'
    Error in utils::download.file(paste0(root, filename), outfile, mode = "wb") :
     cannot open URL 'http://marinespeed.samuelbosch.com/v1/species.csv.gz'
    Calls: list_species ... get_file -> tryCatch -> tryCatchList -> <Anonymous>
    Execution halted
Flavors: r-devel-linux-x86_64-debian-gcc, r-patched-linux-x86_64

Version: 0.1.0
Check: tests
Result: ERROR
     Running ‘testthat.R’ [4s/137s]
    Running the tests in ‘tests/testthat.R’ failed.
    Complete output:
     > library(testthat)
     > library(marinespeed)
     >
     > test_check("marinespeed")
     trying URL 'http://marinespeed.samuelbosch.com/v1/species.csv.gz'
     ── 1. Error: get file works and handles errors (@test_load.R#42) ──────────────
     cannot open URL 'http://marinespeed.samuelbosch.com/v1/species.csv.gz'
     1: check(filename = "species.csv.gz", should_exist = TRUE) at testthat/test_load.R:42
     2: marinespeed:::get_file(filename) at testthat/test_load.R:36
     3: tryCatch({
     ok <- utils::download.file(paste0(root, filename), outfile, mode = "wb")
     }, finally = {
     if (ok != 0 && file.exists(outfile)) {
     file.remove(outfile)
     }
     })
     4: tryCatchList(expr, classes, parentenv, handlers)
     5: utils::download.file(paste0(root, filename), outfile, mode = "wb")
    
     ══ testthat results ═══════════════════════════════════════════════════════════
     OK: 78 SKIPPED: 10 FAILED: 1
     1. Error: get file works and handles errors (@test_load.R#42)
    
     Error: testthat unit tests failed
     Execution halted
Flavor: r-devel-linux-x86_64-debian-gcc

Version: 0.1.0
Check: re-building of vignette outputs
Result: WARN
    Error in re-building vignettes:
     ...
    trying URL ‘http://marinespeed.samuelbosch.com/v1/species.csv.gz’
    Quitting from lines 24-32 (quickstart.Rmd)
    Error: processing vignette ‘quickstart.Rmd’ failed with diagnostics:
    cannot open URL ‘http://marinespeed.samuelbosch.com/v1/species.csv.gz’
    Execution halted
Flavors: r-devel-linux-x86_64-debian-gcc, r-patched-linux-x86_64

Version: 0.1.0
Check: tests
Result: ERROR
     Running ‘testthat.R’ [4s/135s]
    Running the tests in ‘tests/testthat.R’ failed.
    Complete output:
     > library(testthat)
     > library(marinespeed)
     >
     > test_check("marinespeed")
     trying URL 'http://marinespeed.samuelbosch.com/v1/species.csv.gz'
     ── 1. Error: get file works and handles errors (@test_load.R#42) ──────────────
     cannot open URL 'http://marinespeed.samuelbosch.com/v1/species.csv.gz'
     1: check(filename = "species.csv.gz", should_exist = TRUE) at testthat/test_load.R:42
     2: marinespeed:::get_file(filename) at testthat/test_load.R:36
     3: tryCatch({
     ok <- utils::download.file(paste0(root, filename), outfile, mode = "wb")
     }, finally = {
     if (ok != 0 && file.exists(outfile)) {
     file.remove(outfile)
     }
     })
     4: tryCatchList(expr, classes, parentenv, handlers)
     5: utils::download.file(paste0(root, filename), outfile, mode = "wb")
    
     ══ testthat results ═══════════════════════════════════════════════════════════
     OK: 78 SKIPPED: 10 FAILED: 1
     1. Error: get file works and handles errors (@test_load.R#42)
    
     Error: testthat unit tests failed
     Execution halted
Flavor: r-patched-linux-x86_64