Last updated on 2023-03-20 23:55:20 CET.
Flavor | Version | Tinstall | Tcheck | Ttotal | Status | Flags |
---|---|---|---|---|---|---|
r-devel-linux-x86_64-debian-clang | 0.0.2 | NOTE | ||||
r-devel-linux-x86_64-debian-gcc | 0.0.2 | 4.24 | 38.41 | 42.65 | NOTE | |
r-devel-linux-x86_64-fedora-clang | 0.0.2 | 71.93 | NOTE | |||
r-devel-linux-x86_64-fedora-gcc | 0.0.2 | 80.79 | NOTE | |||
r-patched-linux-x86_64 | 0.0.2 | 4.27 | 50.65 | 54.92 | NOTE | |
r-release-linux-x86_64 | 0.0.2 | 4.96 | 51.40 | 56.36 | NOTE | |
r-release-macos-arm64 | 0.0.2 | 24.00 | NOTE | |||
r-release-macos-x86_64 | 0.0.2 | 42.00 | NOTE | |||
r-release-windows-x86_64 | 0.0.2 | 15.00 | 83.00 | 98.00 | NOTE | |
r-oldrel-macos-arm64 | 0.0.2 | 29.00 | NOTE | |||
r-oldrel-macos-x86_64 | 0.0.2 | 42.00 | NOTE | |||
r-oldrel-windows-ix86+x86_64 | 0.0.2 | 11.00 | 78.00 | 89.00 | NOTE |
Version: 0.0.2
Check: LazyData
Result: NOTE
'LazyData' is specified without a 'data' directory
Flavors: r-devel-linux-x86_64-debian-clang, r-devel-linux-x86_64-debian-gcc, r-devel-linux-x86_64-fedora-clang, r-devel-linux-x86_64-fedora-gcc, r-patched-linux-x86_64, r-release-linux-x86_64, r-release-macos-arm64, r-release-macos-x86_64, r-release-windows-x86_64, r-oldrel-macos-arm64, r-oldrel-macos-x86_64, r-oldrel-windows-ix86+x86_64