CRAN Package Check Results for Package marketr

Last updated on 2021-06-23 14:49:43 CEST.

Flavor Version Tinstall Tcheck Ttotal Status Flags
r-devel-linux-x86_64-debian-clang 0.0.2 3.86 47.66 51.52 NOTE
r-devel-linux-x86_64-debian-gcc 0.0.2 3.39 35.68 39.07 NOTE
r-devel-linux-x86_64-fedora-clang 0.0.2 69.72 NOTE
r-devel-linux-x86_64-fedora-gcc 0.0.2 59.98 NOTE
r-devel-windows-x86_64 0.0.2 7.00 48.00 55.00 NOTE
r-devel-windows-x86_64-gcc10-UCRT 0.0.2 NOTE
r-patched-linux-x86_64 0.0.2 3.77 44.02 47.79 NOTE
r-patched-solaris-x86 0.0.2 85.30 NOTE
r-release-linux-x86_64 0.0.2 2.84 43.79 46.63 NOTE
r-release-macos-arm64 0.0.2 NOTE
r-release-macos-x86_64 0.0.2 NOTE
r-release-windows-ix86+x86_64 0.0.2 8.00 47.00 55.00 NOTE
r-oldrel-macos-x86_64 0.0.2 OK

Check Details

Version: 0.0.2
Check: LazyData
Result: NOTE
     'LazyData' is specified without a 'data' directory
Flavors: r-devel-linux-x86_64-debian-clang, r-devel-linux-x86_64-debian-gcc, r-devel-linux-x86_64-fedora-clang, r-devel-linux-x86_64-fedora-gcc, r-devel-windows-x86_64, r-devel-windows-x86_64-gcc10-UCRT, r-patched-linux-x86_64, r-patched-solaris-x86, r-release-linux-x86_64, r-release-macos-arm64, r-release-macos-x86_64, r-release-windows-ix86+x86_64