CRAN Package Check Results for Package marketr

Last updated on 2021-09-18 13:04:51 CEST.

Flavor Version Tinstall Tcheck Ttotal Status Flags
r-devel-linux-x86_64-debian-clang 0.0.2 3.78 48.95 52.73 NOTE
r-devel-linux-x86_64-debian-gcc 0.0.2 3.43 36.35 39.78 NOTE
r-devel-linux-x86_64-fedora-clang 0.0.2 72.39 NOTE
r-devel-linux-x86_64-fedora-gcc 0.0.2 59.01 NOTE
r-devel-windows-x86_64 0.0.2 6.00 70.00 76.00 NOTE
r-devel-windows-x86_64-gcc10-UCRT 0.0.2 NOTE
r-patched-linux-x86_64 0.0.2 4.20 45.00 49.20 NOTE
r-patched-solaris-x86 0.0.2 84.80 NOTE
r-release-linux-x86_64 0.0.2 3.52 44.97 48.49 NOTE
r-release-macos-arm64 0.0.2 NOTE
r-release-macos-x86_64 0.0.2 NOTE
r-release-windows-ix86+x86_64 0.0.2 11.00 48.00 59.00 NOTE
r-oldrel-macos-x86_64 0.0.2 OK
r-oldrel-windows-ix86+x86_64 0.0.2 12.00 48.00 60.00 OK

Check Details

Version: 0.0.2
Check: LazyData
Result: NOTE
     'LazyData' is specified without a 'data' directory
Flavors: r-devel-linux-x86_64-debian-clang, r-devel-linux-x86_64-debian-gcc, r-devel-linux-x86_64-fedora-clang, r-devel-linux-x86_64-fedora-gcc, r-devel-windows-x86_64, r-devel-windows-x86_64-gcc10-UCRT, r-patched-linux-x86_64, r-patched-solaris-x86, r-release-linux-x86_64, r-release-macos-arm64, r-release-macos-x86_64, r-release-windows-ix86+x86_64