CRAN Package Check Results for Package marketr

Last updated on 2020-08-15 21:47:55 CEST.

Flavor Version Tinstall Tcheck Ttotal Status Flags
r-devel-linux-x86_64-debian-clang 0.0.1 4.18 38.45 42.63 OK
r-devel-linux-x86_64-debian-gcc 0.0.1 3.09 31.04 34.13 OK
r-devel-linux-x86_64-fedora-clang 0.0.1 58.09 NOTE
r-devel-linux-x86_64-fedora-gcc 0.0.1 49.35 NOTE
r-devel-windows-ix86+x86_64 0.0.1 18.00 59.00 77.00 OK
r-patched-linux-x86_64 0.0.1 4.39 37.39 41.78 OK
r-patched-solaris-x86 0.0.1 72.80 NOTE
r-release-linux-x86_64 0.0.1 4.01 38.73 42.74 OK
r-release-macos-x86_64 0.0.1 NOTE
r-release-windows-ix86+x86_64 0.0.1 15.00 51.00 66.00 OK
r-oldrel-macos-x86_64 0.0.1 NOTE
r-oldrel-windows-ix86+x86_64 0.0.1 7.00 46.00 53.00 OK

Check Details

Version: 0.0.1
Check: dependencies in R code
Result: NOTE
    Namespace in Imports field not imported from: ‘rlang’
     All declared Imports should be used.
Flavors: r-devel-linux-x86_64-fedora-clang, r-devel-linux-x86_64-fedora-gcc, r-patched-solaris-x86, r-release-macos-x86_64, r-oldrel-macos-x86_64