CRAN Package Check Results for Package marketr

Last updated on 2022-09-30 11:52:43 CEST.

Flavor Version Tinstall Tcheck Ttotal Status Flags
r-devel-linux-x86_64-debian-clang 0.0.2 4.39 57.31 61.70 NOTE
r-devel-linux-x86_64-debian-gcc 0.0.2 4.01 42.40 46.41 NOTE
r-devel-linux-x86_64-fedora-clang 0.0.2 86.17 NOTE
r-devel-linux-x86_64-fedora-gcc 0.0.2 80.94 NOTE
r-devel-windows-x86_64 0.0.2 11.00 88.00 99.00 NOTE
r-patched-linux-x86_64 0.0.2 5.11 53.51 58.62 NOTE
r-release-linux-x86_64 0.0.2 4.62 53.12 57.74 NOTE
r-release-macos-arm64 0.0.2 24.00 NOTE
r-release-macos-x86_64 0.0.2 42.00 NOTE
r-release-windows-x86_64 0.0.2 12.00 83.00 95.00 NOTE
r-oldrel-macos-arm64 0.0.2 29.00 NOTE
r-oldrel-macos-x86_64 0.0.2 42.00 NOTE
r-oldrel-windows-ix86+x86_64 0.0.2 15.00 83.00 98.00 NOTE

Check Details

Version: 0.0.2
Check: LazyData
Result: NOTE
     'LazyData' is specified without a 'data' directory
Flavors: r-devel-linux-x86_64-debian-clang, r-devel-linux-x86_64-debian-gcc, r-devel-linux-x86_64-fedora-clang, r-devel-linux-x86_64-fedora-gcc, r-devel-windows-x86_64, r-patched-linux-x86_64, r-release-linux-x86_64, r-release-macos-arm64, r-release-macos-x86_64, r-release-windows-x86_64, r-oldrel-macos-arm64, r-oldrel-macos-x86_64, r-oldrel-windows-ix86+x86_64