CRAN Package Check Results for Package markovchain

Last updated on 2020-09-26 17:48:30 CEST.

Flavor Version Tinstall Tcheck Ttotal Status Flags
r-devel-linux-x86_64-debian-clang 0.8.5-2 181.66 300.60 482.26 OK
r-devel-linux-x86_64-debian-gcc 0.8.5-2 135.29 218.80 354.09 OK
r-devel-linux-x86_64-fedora-clang 0.8.5-2 641.09 NOTE
r-devel-linux-x86_64-fedora-gcc 0.8.5-2 492.46 OK
r-devel-windows-ix86+x86_64 0.8.5-2 393.00 451.00 844.00 OK
r-patched-linux-x86_64 0.8.5-2 138.90 288.12 427.02 OK
r-patched-solaris-x86 0.8.5-2 606.30 OK
r-release-linux-x86_64 0.8.5-2 146.60 289.59 436.19 OK
r-release-macos-x86_64 0.8.5-2 NOTE
r-release-windows-ix86+x86_64 0.8.5-2 343.00 455.00 798.00 OK
r-oldrel-macos-x86_64 0.8.5-2 NOTE
r-oldrel-windows-ix86+x86_64 0.8.5-2 356.00 427.00 783.00 OK

Check Details

Version: 0.8.5-2
Check: installed package size
Result: NOTE
     installed size is 12.9Mb
     sub-directories of 1Mb or more:
     libs 11.1Mb
Flavors: r-devel-linux-x86_64-fedora-clang, r-release-macos-x86_64, r-oldrel-macos-x86_64