CRAN Package Check Results for Package markovchain

Last updated on 2019-05-24 13:48:28 CEST.

Flavor Version Tinstall Tcheck Ttotal Status Flags
r-devel-linux-x86_64-debian-clang 0.6.9.14 126.34 269.74 396.08 OK
r-devel-linux-x86_64-debian-gcc 0.6.9.14 107.35 201.01 308.36 OK
r-devel-linux-x86_64-fedora-clang 0.6.9.14 519.36 NOTE
r-devel-linux-x86_64-fedora-gcc 0.6.9.14 489.07 OK
r-devel-windows-ix86+x86_64 0.6.9.14 265.00 217.00 482.00 WARN
r-patched-linux-x86_64 0.6.9.14 123.42 263.57 386.99 OK
r-patched-solaris-x86 0.6.9.14 559.40 OK
r-release-linux-x86_64 0.6.9.14 125.65 265.04 390.69 OK
r-release-windows-ix86+x86_64 0.6.9.14 356.00 270.00 626.00 WARN
r-release-osx-x86_64 0.6.9.14 NOTE
r-oldrel-windows-ix86+x86_64 0.6.9.14 352.00 162.00 514.00 WARN
r-oldrel-osx-x86_64 0.6.9.14 NOTE

Additional issues

noLD

Check Details

Version: 0.6.9.14
Check: installed package size
Result: NOTE
     installed size is 8.5Mb
     sub-directories of 1Mb or more:
     libs 6.7Mb
Flavors: r-devel-linux-x86_64-fedora-clang, r-release-osx-x86_64, r-oldrel-osx-x86_64

Version: 0.6.9.14
Check: re-building of vignette outputs
Result: WARN
    Error(s) in re-building vignettes:
    --- re-building 'GSoC-2017_additions.Rmd' using rmarkdown
    Package: markovchain
    Version: 0.6.9.14
    Date: 2019-01-20
    BugReport: http://github.com/spedygiorgio/markovchain/issues
    
    --- finished re-building 'GSoC-2017_additions.Rmd'
    
    --- re-building 'an_introduction_to_markovchain_package.Rmd' using rmarkdown
    Error: processing vignette 'an_introduction_to_markovchain_package.Rmd' failed with diagnostics:
    pandoc version 2.2 or higher is required and was not found (see the help page ?rmarkdown::pandoc_available).
    --- failed re-building 'an_introduction_to_markovchain_package.Rmd'
    
    --- re-building 'complicateSteadyStates.Rmd' using rmarkdown
    Package: markovchain
    Version: 0.6.9.14
    Date: 2019-01-20
    BugReport: http://github.com/spedygiorgio/markovchain/issues
    
    --- finished re-building 'complicateSteadyStates.Rmd'
    
    --- re-building 'higher_order_markov_chains.Rmd' using rmarkdown
    Error: processing vignette 'higher_order_markov_chains.Rmd' failed with diagnostics:
    pandoc version 2.2 or higher is required and was not found (see the help page ?rmarkdown::pandoc_available).
    --- failed re-building 'higher_order_markov_chains.Rmd'
    
    --- re-building 'markovchainCrashIntro.Rmd' using rmarkdown
    --- finished re-building 'markovchainCrashIntro.Rmd'
    
    SUMMARY: processing the following files failed:
     'an_introduction_to_markovchain_package.Rmd'
     'higher_order_markov_chains.Rmd'
    
    Error: Vignette re-building failed.
    Execution halted
Flavors: r-devel-windows-ix86+x86_64, r-release-windows-ix86+x86_64

Version: 0.6.9.14
Check: re-building of vignette outputs
Result: WARN
    Error in re-building vignettes:
     ...
    Package: markovchain
    Version: 0.6.9.14
    Date: 2019-01-20
    BugReport: http://github.com/spedygiorgio/markovchain/issues
    
    Error: processing vignette 'an_introduction_to_markovchain_package.Rmd' failed with diagnostics:
    pandoc version 2.2 or higher is required and was not found (see the help page ?rmarkdown::pandoc_available).
    Execution halted
Flavor: r-oldrel-windows-ix86+x86_64