CRAN Package Check Results for Package markovchain

Last updated on 2020-02-18 07:49:52 CET.

Flavor Version Tinstall Tcheck Ttotal Status Flags
r-devel-linux-x86_64-debian-clang 0.8.2 164.21 308.89 473.10 OK
r-devel-linux-x86_64-debian-gcc 0.8.2 114.96 222.87 337.83 OK
r-devel-linux-x86_64-fedora-clang 0.8.2 586.97 NOTE
r-devel-linux-x86_64-fedora-gcc 0.8.2 576.00 OK
r-devel-windows-ix86+x86_64 0.8.2 279.00 340.00 619.00 OK
r-devel-windows-ix86+x86_64-gcc8 0.8.2 404.00 480.00 884.00 NOTE
r-patched-linux-x86_64 0.8.2 136.81 278.61 415.42 OK
r-patched-solaris-x86 0.8.2 575.90 OK
r-release-linux-x86_64 0.8.2 127.98 278.75 406.73 OK
r-release-windows-ix86+x86_64 0.8.2 281.00 317.00 598.00 OK
r-release-osx-x86_64 0.8.2 NOTE
r-oldrel-windows-ix86+x86_64 0.8.0 279.00 268.00 547.00 WARN
r-oldrel-osx-x86_64 0.8.2 ERROR

Check Details

Version: 0.8.2
Check: package dependencies
Result: NOTE
    Suggests orphaned package: ‘etm’
Flavor: r-devel-linux-x86_64-fedora-clang

Version: 0.8.2
Check: installed package size
Result: NOTE
     installed size is 11.3Mb
     sub-directories of 1Mb or more:
     doc 1.1Mb
     libs 9.3Mb
Flavors: r-devel-linux-x86_64-fedora-clang, r-devel-windows-ix86+x86_64-gcc8, r-release-osx-x86_64

Version: 0.8.0
Check: re-building of vignette outputs
Result: WARN
    Error in re-building vignettes:
     ...
    Package: markovchain
    Version: 0.8.0
    Date: 2019-09-13
    BugReport: http://github.com/spedygiorgio/markovchain/issues
    
    Loading required package: TraMineR
    
    TraMineR stable version 2.0-13 (Built: 2019-12-14)
    Website: http://traminer.unige.ch
    Please type 'citation("TraMineR")' for citation information.
    
    Loading required package: colorspace
    ! LaTeX Error: Option clash for package hyperref.
    
    Error: processing vignette 'an_introduction_to_markovchain_package.Rmd' failed with diagnostics:
    Failed to compile an_introduction_to_markovchain_package.tex. See https://yihui.org/tinytex/r/#debugging for debugging tips. See an_introduction_to_markovchain_package.log for more info.
    Execution halted
Flavor: r-oldrel-windows-ix86+x86_64

Version: 0.8.2
Check: whether package can be installed
Result: ERROR
    Installation failed.
Flavor: r-oldrel-osx-x86_64