CRAN Package Check Results for Package marmap

Last updated on 2018-05-28 04:49:27 CEST.

Flavor Version Tinstall Tcheck Ttotal Status Flags
r-devel-linux-x86_64-debian-clang 1.0 8.75 90.17 98.92 ERROR
r-devel-linux-x86_64-debian-gcc 1.0 5.61 76.41 82.02 ERROR
r-devel-linux-x86_64-fedora-clang 1.0 182.71 OK
r-devel-linux-x86_64-fedora-gcc 1.0 171.98 OK
r-devel-windows-ix86+x86_64 1.0 16.00 134.00 150.00 OK
r-patched-linux-x86_64 1.0 7.38 86.91 94.29 ERROR
r-patched-solaris-x86 1.0 221.40 OK
r-release-linux-x86_64 1.0 8.12 87.42 95.54 ERROR
r-release-windows-ix86+x86_64 1.0 19.00 169.00 188.00 OK
r-release-osx-x86_64 1.0 OK
r-oldrel-windows-ix86+x86_64 1.0 20.00 140.00 160.00 OK
r-oldrel-osx-x86_64 1.0 OK

Check Details

Version: 1.0
Check: examples
Result: ERROR
    Running examples in ‘marmap-Ex.R’ failed
    The error most likely occurred in:
    
    > base::assign(".ptime", proc.time(), pos = "CheckExEnv")
    > ### Name: etopo
    > ### Title: Etopo colours
    > ### Aliases: etopo etopo.colors etopo.colours scale_colour_etopo
    > ### scale_color_etopo scale_fill_etopo
    >
    > ### ** Examples
    >
    > # load NW Atlantic data and convert to class bathy
    > data(nw.atlantic)
    > atl <- as.bathy(nw.atlantic)
    >
    > library("ggplot2")
    > head(fortify(atl))
    Error: ggplot2 doesn't know how to deal with data of class bathy
    Execution halted
Flavors: r-devel-linux-x86_64-debian-clang, r-devel-linux-x86_64-debian-gcc, r-patched-linux-x86_64, r-release-linux-x86_64