CRAN Package Check Results for Package mastif

Last updated on 2023-05-28 01:54:01 CEST.

Flavor Version Tinstall Tcheck Ttotal Status Flags
r-devel-linux-x86_64-debian-clang 2.0 69.33 151.06 220.39 NOTE
r-devel-linux-x86_64-debian-gcc 2.0 57.27 110.71 167.98 NOTE
r-devel-linux-x86_64-fedora-clang 2.0 288.25 NOTE
r-devel-linux-x86_64-fedora-gcc 2.0 279.54 NOTE
r-devel-windows-x86_64 2.0 54.00 121.00 175.00 NOTE
r-patched-linux-x86_64 2.0 62.60 141.79 204.39 NOTE
r-release-linux-x86_64 2.0 64.05 140.15 204.20 NOTE
r-release-macos-arm64 2.0 72.00 NOTE
r-release-macos-x86_64 2.0 127.00 NOTE
r-release-windows-x86_64 2.0 70.00 159.00 229.00 NOTE
r-oldrel-macos-arm64 2.0 61.00 OK
r-oldrel-macos-x86_64 2.0 87.00 OK
r-oldrel-windows-x86_64 2.0 70.00 157.00 227.00 OK

Check Details

Version: 2.0
Check: C++ specification
Result: NOTE
     Specified C++11: please drop specification unless essential
Flavors: r-devel-linux-x86_64-debian-clang, r-devel-linux-x86_64-debian-gcc, r-devel-linux-x86_64-fedora-clang, r-devel-linux-x86_64-fedora-gcc, r-devel-windows-x86_64, r-patched-linux-x86_64, r-release-linux-x86_64, r-release-macos-arm64, r-release-macos-x86_64, r-release-windows-x86_64