CRAN Package Check Results for Package matR

Last updated on 2020-03-31 13:47:15 CEST.

Flavor Version Tinstall Tcheck Ttotal Status Flags
r-devel-linux-x86_64-debian-clang 0.9.1 4.14 40.12 44.26 OK
r-devel-linux-x86_64-debian-gcc 0.9.1 3.07 32.26 35.33 OK
r-devel-linux-x86_64-fedora-clang 0.9.1 54.78 OK
r-devel-linux-x86_64-fedora-gcc 0.9.1 54.22 OK
r-devel-windows-ix86+x86_64 0.9.1 9.00 54.00 63.00 OK
r-devel-windows-ix86+x86_64-gcc8 0.9.1 8.00 52.00 60.00 OK
r-patched-linux-x86_64 0.9.1 4.01 40.11 44.12 OK
r-patched-solaris-x86 0.9.1 76.50 OK
r-release-linux-x86_64 0.9.1 3.35 36.64 39.99 OK
r-release-windows-ix86+x86_64 0.9.1 14.00 83.00 97.00 OK
r-release-osx-x86_64 0.9.1 NOTE
r-oldrel-windows-ix86+x86_64 0.9.1 8.00 72.00 80.00 OK
r-oldrel-osx-x86_64 0.9.1 OK

Check Details

Version: 0.9.1
Check: package dependencies
Result: NOTE
    Package suggested but not available for checking: ‘qvalue’
Flavor: r-release-osx-x86_64