Last updated on 2023-09-30 00:56:10 CEST.
Flavor | Version | Tinstall | Tcheck | Ttotal | Status | Flags |
---|---|---|---|---|---|---|
r-devel-linux-x86_64-debian-clang | 1.0 | 2.94 | 37.85 | 40.79 | NOTE | |
r-devel-linux-x86_64-debian-gcc | 1.0 | 3.76 | 28.77 | 32.53 | NOTE | |
r-devel-linux-x86_64-fedora-clang | 1.0 | 53.05 | NOTE | |||
r-devel-linux-x86_64-fedora-gcc | 1.0 | 55.02 | NOTE | |||
r-devel-windows-x86_64 | 1.0 | 6.00 | 53.00 | 59.00 | NOTE | |
r-patched-linux-x86_64 | 1.0 | 5.26 | 37.10 | 42.36 | NOTE | |
r-release-linux-x86_64 | 1.0 | 3.41 | 37.29 | 40.70 | NOTE | |
r-release-macos-arm64 | 1.0 | 24.00 | NOTE | |||
r-release-macos-x86_64 | 1.0 | 27.00 | NOTE | |||
r-release-windows-x86_64 | 1.0 | 6.00 | 54.00 | 60.00 | NOTE | |
r-oldrel-macos-arm64 | 1.0 | 26.00 | NOTE | |||
r-oldrel-macos-x86_64 | 1.0 | 27.00 | NOTE | |||
r-oldrel-windows-x86_64 | 1.0 | 6.00 | 56.00 | 62.00 | NOTE |
Version: 1.0
Check: package dependencies
Result: NOTE
Package suggested but not available for checking: ‘gurobi’
Flavors: r-devel-linux-x86_64-debian-clang, r-devel-linux-x86_64-debian-gcc, r-devel-linux-x86_64-fedora-clang, r-devel-linux-x86_64-fedora-gcc, r-devel-windows-x86_64, r-patched-linux-x86_64, r-release-linux-x86_64, r-release-macos-arm64, r-release-macos-x86_64, r-release-windows-x86_64, r-oldrel-macos-arm64, r-oldrel-macos-x86_64, r-oldrel-windows-x86_64