CRAN Package Check Results for Package matchingMarkets

Last updated on 2017-06-26 15:51:31.

Flavor Version Tinstall Tcheck Ttotal Status Flags
r-devel-linux-x86_64-debian-clang 0.3-3 50.93 80.27 131.21 OK
r-devel-linux-x86_64-debian-gcc 0.3-3 54.06 82.04 136.09 OK
r-devel-linux-x86_64-fedora-clang 0.3-3 259.47 NOTE
r-devel-linux-x86_64-fedora-gcc 0.3-3 259.19 NOTE
r-devel-windows-ix86+x86_64 0.3-3 180.00 158.00 338.00 NOTE
r-patched-linux-x86_64 0.3-3 53.49 80.83 134.32 OK
r-patched-solaris-sparc 0.3-3 1326.80 WARN
r-patched-solaris-x86 0.3-3 263.20 NOTE
r-release-linux-x86_64 0.3-3 54.61 82.42 137.02 OK
r-release-windows-ix86+x86_64 0.3-3 143.00 229.00 372.00 NOTE
r-release-osx-x86_64 0.3-3 ERROR
r-oldrel-windows-ix86+x86_64 0.3-3 146.00 207.00 353.00 NOTE
r-oldrel-osx-x86_64 0.3-3 NOTE

Check Details

Version: 0.3-3
Check: installed package size
Result: NOTE
     installed size is 9.6Mb
     sub-directories of 1Mb or more:
     java 3.3Mb
     libs 5.3Mb
Flavors: r-devel-linux-x86_64-fedora-clang, r-devel-linux-x86_64-fedora-gcc, r-devel-windows-ix86+x86_64, r-patched-solaris-x86, r-release-windows-ix86+x86_64, r-oldrel-windows-ix86+x86_64, r-oldrel-osx-x86_64

Version: 0.3-3
Check: re-building of vignette outputs
Result: WARN
    Error in re-building vignettes:
     ...
    0% 10 20 30 40 50 60 70 80 90 100%
    |----|----|----|----|----|----|----|----|----|----|
    **************************************************|
    Warning: glm.fit: fitted probabilities numerically 0 or 1 occurred
    Warning: glm.fit: fitted probabilities numerically 0 or 1 occurred
    Error in texi2dvi(file = file, pdf = TRUE, clean = clean, quiet = quiet, :
     Running 'texi2dvi' on 'matching.tex' failed.
    LaTeX errors:
    ! LaTeX Error: File `hvfloat.sty' not found.
    
    Type X to quit or <RETURN> to proceed,
    or enter new name. (Default extension: sty)
    
    ! Emergency stop.
    <read *>
    
    l.58 \usepackage
     {subcaption}^^M
    ! ==> Fatal error occurred, no output PDF file produced!
    Calls: buildVignettes -> texi2pdf -> texi2dvi
    Execution halted
Flavor: r-patched-solaris-sparc

Version: 0.3-3
Check: package dependencies
Result: ERROR
    Package required but not available: ‘partitions’
    
    See section ‘The DESCRIPTION file’ in the ‘Writing R Extensions’
    manual.
Flavor: r-release-osx-x86_64