Last updated on 2023-12-04 14:53:41 CET.
Flavor | Version | Tinstall | Tcheck | Ttotal | Status | Flags |
---|---|---|---|---|---|---|
r-devel-linux-x86_64-debian-clang | 1.0-4 | 230.38 | 163.30 | 393.68 | OK | |
r-devel-linux-x86_64-debian-gcc | 1.0-4 | 157.89 | 119.64 | 277.53 | OK | |
r-devel-linux-x86_64-fedora-clang | 1.0-4 | 556.52 | NOTE | |||
r-devel-linux-x86_64-fedora-gcc | 1.0-4 | 571.06 | OK | |||
r-devel-windows-x86_64 | 1.0-4 | 167.00 | 180.00 | 347.00 | NOTE | |
r-patched-linux-x86_64 | 1.0-4 | 191.86 | 157.21 | 349.07 | OK | |
r-release-linux-x86_64 | 1.0-4 | 195.72 | 155.56 | 351.28 | OK | |
r-release-macos-arm64 | 1.0-4 | 120.00 | NOTE | |||
r-release-macos-x86_64 | 1.0-4 | 152.00 | NOTE | |||
r-release-windows-x86_64 | 1.0-4 | 216.00 | 213.00 | 429.00 | NOTE | |
r-oldrel-macos-arm64 | 1.0-4 | 100.00 | NOTE | |||
r-oldrel-macos-x86_64 | 1.0-4 | 157.00 | NOTE | |||
r-oldrel-windows-x86_64 | 1.0-4 | 202.00 | 203.00 | 405.00 | NOTE |
Version: 1.0-4
Check: installed package size
Result: NOTE
installed size is 5.1Mb
sub-directories of 1Mb or more:
java 3.3Mb
Flavors: r-devel-linux-x86_64-fedora-clang, r-devel-windows-x86_64, r-release-macos-arm64, r-release-macos-x86_64, r-release-windows-x86_64, r-oldrel-macos-arm64, r-oldrel-macos-x86_64, r-oldrel-windows-x86_64