CRAN Package Check Results for Package matchingMarkets

Last updated on 2018-05-21 04:49:14 CEST.

Flavor Version Tinstall Tcheck Ttotal Status Flags
r-devel-linux-x86_64-debian-clang 0.3-5 120.31 120.07 240.38 OK
r-devel-linux-x86_64-debian-gcc 0.3-5 106.27 101.38 207.65 OK
r-devel-linux-x86_64-fedora-clang 0.3-5 363.67 NOTE
r-devel-linux-x86_64-fedora-gcc 0.3-5 337.10 NOTE
r-devel-windows-ix86+x86_64 0.3-5 334.00 177.00 511.00 NOTE
r-patched-linux-x86_64 0.3-5 130.65 127.01 257.66 OK
r-patched-solaris-x86 0.3-5 355.20 NOTE
r-release-linux-x86_64 0.3-5 130.89 130.97 261.86 OK
r-release-windows-ix86+x86_64 0.3-5 241.00 154.00 395.00 NOTE
r-release-osx-x86_64 0.3-5 NOTE
r-oldrel-windows-ix86+x86_64 0.3-5 239.00 198.00 437.00 NOTE
r-oldrel-osx-x86_64 0.3-5 NOTE

Check Details

Version: 0.3-5
Check: installed package size
Result: NOTE
     installed size is 12.7Mb
     sub-directories of 1Mb or more:
     java 3.3Mb
     libs 8.2Mb
Flavors: r-devel-linux-x86_64-fedora-clang, r-devel-linux-x86_64-fedora-gcc, r-devel-windows-ix86+x86_64, r-patched-solaris-x86, r-release-windows-ix86+x86_64, r-release-osx-x86_64, r-oldrel-windows-ix86+x86_64, r-oldrel-osx-x86_64