CRAN Package Check Results for Package matchmaker

Last updated on 2022-09-27 05:52:17 CEST.

Flavor Version Tinstall Tcheck Ttotal Status Flags
r-devel-linux-x86_64-debian-clang 0.1.1 3.76 40.18 43.94 NOTE
r-devel-linux-x86_64-debian-gcc 0.1.1 2.90 31.84 34.74 NOTE
r-devel-linux-x86_64-fedora-clang 0.1.1 68.18 NOTE
r-devel-linux-x86_64-fedora-gcc 0.1.1 63.61 NOTE
r-devel-windows-x86_64 0.1.1 14.00 70.00 84.00 NOTE
r-patched-linux-x86_64 0.1.1 3.48 39.98 43.46 NOTE
r-release-linux-x86_64 0.1.1 3.54 39.84 43.38 NOTE
r-release-macos-arm64 0.1.1 24.00 NOTE
r-release-macos-x86_64 0.1.1 29.00 NOTE
r-release-windows-x86_64 0.1.1 21.00 70.00 91.00 NOTE
r-oldrel-macos-arm64 0.1.1 24.00 NOTE
r-oldrel-macos-x86_64 0.1.1 29.00 NOTE
r-oldrel-windows-ix86+x86_64 0.1.1 9.00 66.00 75.00 NOTE

Check Details

Version: 0.1.1
Check: LazyData
Result: NOTE
     'LazyData' is specified without a 'data' directory
Flavors: r-devel-linux-x86_64-debian-clang, r-devel-linux-x86_64-debian-gcc, r-devel-linux-x86_64-fedora-clang, r-devel-linux-x86_64-fedora-gcc, r-devel-windows-x86_64, r-patched-linux-x86_64, r-release-linux-x86_64, r-release-macos-arm64, r-release-macos-x86_64, r-release-windows-x86_64, r-oldrel-macos-arm64, r-oldrel-macos-x86_64, r-oldrel-windows-ix86+x86_64