CRAN Package Check Results for Package mateable

Last updated on 2019-04-23 01:57:21 CEST.

Flavor Version Tinstall Tcheck Ttotal Status Flags
r-devel-linux-x86_64-debian-clang 0.3.1 27.93 40.02 67.95 OK
r-devel-linux-x86_64-debian-gcc 0.3.1 20.49 31.63 52.12 OK
r-devel-linux-x86_64-fedora-clang 0.3.1 94.47 NOTE
r-devel-linux-x86_64-fedora-gcc 0.3.1 85.40 NOTE
r-devel-windows-ix86+x86_64 0.3.1 65.00 72.00 137.00 OK
r-patched-linux-x86_64 0.3.1 24.43 39.93 64.36 OK
r-patched-solaris-x86 0.3.1 106.00 OK
r-release-linux-x86_64 0.3.1 24.52 38.20 62.72 OK
r-release-windows-ix86+x86_64 0.3.1 53.00 84.00 137.00 OK
r-release-osx-x86_64 0.3.1 OK
r-oldrel-windows-ix86+x86_64 0.3.1 53.00 99.00 152.00 OK
r-oldrel-osx-x86_64 0.3.1 OK

Check Details

Version: 0.3.1
Check: compiled code
Result: NOTE
    File ‘mateable/libs/mateable.so’:
     Found no calls to: ‘R_registerRoutines’, ‘R_useDynamicSymbols’
    
    It is good practice to register native routines and to disable symbol
    search.
    
    See ‘Writing portable packages’ in the ‘Writing R Extensions’ manual.
Flavors: r-devel-linux-x86_64-fedora-clang, r-devel-linux-x86_64-fedora-gcc