CRAN Package Check Results for Package mateable

Last updated on 2019-07-16 07:50:52 CEST.

Flavor Version Tinstall Tcheck Ttotal Status Flags
r-devel-linux-x86_64-debian-clang 0.3.1 30.26 39.68 69.94 OK
r-devel-linux-x86_64-debian-gcc 0.3.1 20.56 31.81 52.37 OK
r-devel-linux-x86_64-fedora-clang 0.3.1 101.97 NOTE
r-devel-linux-x86_64-fedora-gcc 0.3.1 88.18 NOTE
r-devel-windows-ix86+x86_64 0.3.1 76.00 70.00 146.00 OK
r-patched-linux-x86_64 0.3.1 24.19 39.97 64.16 OK
r-patched-solaris-x86 0.3.1 112.90 OK
r-release-linux-x86_64 0.3.1 25.34 39.92 65.26 OK
r-release-windows-ix86+x86_64 0.3.1 55.00 95.00 150.00 OK
r-release-osx-x86_64 0.3.1 OK
r-oldrel-windows-ix86+x86_64 0.3.1 73.00 73.00 146.00 OK
r-oldrel-osx-x86_64 0.3.1 OK

Check Details

Version: 0.3.1
Check: compiled code
Result: NOTE
    File ‘mateable/libs/mateable.so’:
     Found no calls to: ‘R_registerRoutines’, ‘R_useDynamicSymbols’
    
    It is good practice to register native routines and to disable symbol
    search.
    
    See ‘Writing portable packages’ in the ‘Writing R Extensions’ manual.
Flavors: r-devel-linux-x86_64-fedora-clang, r-devel-linux-x86_64-fedora-gcc